{"id":2550,"date":"2015-05-26T12:17:40","date_gmt":"2015-05-26T11:17:40","guid":{"rendered":"http:\/\/www.bau-styl.hu\/?page_id=2550"},"modified":"2023-01-31T13:39:41","modified_gmt":"2023-01-31T12:39:41","slug":"huppe-studioberlin","status":"publish","type":"page","link":"https:\/\/www.bau-styl.hu\/furdoszobaszalon\/huppe-studioberlin\/","title":{"rendered":"H\u00fcppe \u2013 Studio Berlin"},"content":{"rendered":"\n<style type=\"text\/css\" data-created_by=\"avia_inline_auto\" id=\"style-css-av-113zwl2-531a0a2e56c78bc3c660f7f7d68bd374\">\n.avia-section.av-113zwl2-531a0a2e56c78bc3c660f7f7d68bd374 .av-section-color-overlay{\nopacity:0.5;\nbackground-color:#000000;\n}\n<\/style>\n<div id='av_section_1'  class='avia-section av-113zwl2-531a0a2e56c78bc3c660f7f7d68bd374 main_color avia-section-default avia-no-shadow  avia-builder-el-0  el_before_av_section  avia-builder-el-first  avia-bg-style-scroll av-section-color-overlay-active container_wrap sidebar_right'  ><div class=\"av-section-color-overlay-wrap\"><div class=\"av-section-color-overlay\"><\/div><div class='container av-section-cont-open' ><main  role=\"main\" itemprop=\"mainContentOfPage\"  class='template-page content  av-content-small alpha units'><div class='post-entry post-entry-type-page post-entry-2550'><div class='entry-content-wrapper clearfix'>\n\n<style type=\"text\/css\" data-created_by=\"avia_inline_auto\" id=\"style-css-av-z4pobq-64feb728045c66f93957b1a68b471159\">\n#top .hr.hr-invisible.av-z4pobq-64feb728045c66f93957b1a68b471159{\nheight:50px;\n}\n<\/style>\n<div  class='hr av-z4pobq-64feb728045c66f93957b1a68b471159 hr-invisible  avia-builder-el-1  el_before_av_heading  avia-builder-el-first '><span class='hr-inner '><span class=\"hr-inner-style\"><\/span><\/span><\/div>\n\n<style type=\"text\/css\" data-created_by=\"avia_inline_auto\" id=\"style-css-av-lc05qvzq-1f8365c28263b3f0ff96ba39fb50557d\">\n#top .av-special-heading.av-lc05qvzq-1f8365c28263b3f0ff96ba39fb50557d{\npadding-bottom:10px;\ncolor:#ffffff;\n}\nbody .av-special-heading.av-lc05qvzq-1f8365c28263b3f0ff96ba39fb50557d .av-special-heading-tag .heading-char{\nfont-size:25px;\n}\n.av-special-heading.av-lc05qvzq-1f8365c28263b3f0ff96ba39fb50557d .special-heading-inner-border{\nborder-color:#ffffff;\n}\n.av-special-heading.av-lc05qvzq-1f8365c28263b3f0ff96ba39fb50557d .av-subheading{\nfont-size:15px;\n}\n<\/style>\n<div  class='av-special-heading av-lc05qvzq-1f8365c28263b3f0ff96ba39fb50557d av-special-heading-h1 custom-color-heading blockquote modern-quote modern-centered  avia-builder-el-2  el_after_av_hr  el_before_av_hr '><h1 class='av-special-heading-tag '  itemprop=\"headline\"  >STUDIO BERLIN<\/h1><div class='av_custom_color av-subheading av-subheading_below'><p>H\u00dcPPE<\/p>\n<\/div><div class=\"special-heading-border\"><div class=\"special-heading-inner-border\"><\/div><\/div><\/div>\n\n<style type=\"text\/css\" data-created_by=\"avia_inline_auto\" id=\"style-css-av-vxk87q-c52d01ef684def57163e942cc6956666\">\n#top .hr.hr-invisible.av-vxk87q-c52d01ef684def57163e942cc6956666{\nheight:50px;\n}\n<\/style>\n<div  class='hr av-vxk87q-c52d01ef684def57163e942cc6956666 hr-invisible  avia-builder-el-3  el_after_av_heading  avia-builder-el-last '><span class='hr-inner '><span class=\"hr-inner-style\"><\/span><\/span><\/div>\n\n<\/div><\/div><\/main><!-- close content main element --><\/div><\/div><\/div><div id='av_section_2'  class='avia-section av-veepom-ca6f60030c6f57ed436ccb2e15317386 main_color avia-section-default avia-no-shadow  avia-builder-el-4  el_after_av_section  avia-builder-el-last  avia-bg-style-scroll container_wrap sidebar_right'  ><div class='container av-section-cont-open' ><div class='template-page content  av-content-small alpha units'><div class='post-entry post-entry-type-page post-entry-2550'><div class='entry-content-wrapper clearfix'>\n<section  class='av_textblock_section av-tmjjme-c19b7a58a1805f5feddc96de8ea65b2a '   itemscope=\"itemscope\" itemtype=\"https:\/\/schema.org\/CreativeWork\" ><div class='avia_textblock'  itemprop=\"text\" ><p style=\"text-align: justify;\">A H\u00fcppe Studio kollekci\u00f3j\u00e1nak egyik v\u00e1ltozata. Ez a legmagasabb min\u0151s\u00e9g\u0171 anyagokb\u00f3l \u00f6ssze\u00e1ll\u00edtott Studio Berlin zuhanycsoda olyan exkluz\u00edv megjelen\u00e9ssel b\u00edr, mely els\u0151 pillant\u00e1sra is mindenkit mag\u00e1val ragad. Legyen sz\u00f3 ak\u00e1r keretes, ak\u00e1r keret n\u00e9lk\u00fcli megold\u00e1sr\u00f3l, a H\u00fcppe megteremtette az egy\u00e9ni st\u00edlus t\u00fckr\u00f6z\u0151d\u00e9s\u00e9nek lehet\u0151s\u00e9g\u00e9t ezekben a p\u00e1ratlan darabokban, hiszen impoz\u00e1ns homokf\u00favott mint\u00e1inak k\u00f6sz\u00f6nhet\u0151en mindenki megtal\u00e1lja a hozz\u00e1 legink\u00e1bb ill\u0151 darabot. Ny\u00edl\u00f3- \u00e9s leng\u0151ajt\u00f3s, v\u00e1ltozata is kaphat\u00f3, \u00e1m ez csak egy a rengeteg v\u00e1laszthat\u00f3 opci\u00f3b\u00f3l.<\/p>\n<\/div><\/section>\n\n<style type=\"text\/css\" data-created_by=\"avia_inline_auto\" id=\"style-css-av-qrarly-10189a367b739d08fb3900fba4d12077\">\n#top .hr.hr-invisible.av-qrarly-10189a367b739d08fb3900fba4d12077{\nheight:50px;\n}\n<\/style>\n<div  class='hr av-qrarly-10189a367b739d08fb3900fba4d12077 hr-invisible  avia-builder-el-6  el_after_av_textblock  el_before_av_masonry_gallery  avia-builder-el-last '><span class='hr-inner '><span class=\"hr-inner-style\"><\/span><\/span><\/div>\n<div id='av-masonry-1' class='av-masonry av-lc05rmot-40338baf5386ffef59eca424c6b0d33f noHover av-fixed-size av-large-gap av-hover-overlay- av-masonry-animation-active av-masonry-col-5 av-caption-always av-caption-style- av-masonry-gallery av-medium-columns-overwrite av-medium-columns-4 av-small-columns-overwrite av-small-columns-4 av-mini-columns-overwrite av-mini-columns-4 ' data-post_id=\"2550\"><div class=\"av-masonry-container isotope av-js-disabled\"><div class='av-masonry-entry isotope-item av-masonry-item-no-image '><\/div><a href=\"https:\/\/www.bau-styl.hu\/furdoszobaszalon\/wp-content\/uploads\/2016\/11\/Hueppe-Studio-Berlin-pure-teilgerahmt-Eck-Duschkabine-ai13985_0.jpg\" data-srcset=\"https:\/\/www.bau-styl.hu\/furdoszobaszalon\/wp-content\/uploads\/2016\/11\/Hueppe-Studio-Berlin-pure-teilgerahmt-Eck-Duschkabine-ai13985_0.jpg 300w, https:\/\/www.bau-styl.hu\/furdoszobaszalon\/wp-content\/uploads\/2016\/11\/Hueppe-Studio-Berlin-pure-teilgerahmt-Eck-Duschkabine-ai13985_0-225x300.jpg 225w\" data-sizes=\"(max-width: 300px) 100vw, 300px\"  aria-label=\"image H\u00fcppe Studio Berlin\"  id='av-masonry-1-item-8019' data-av-masonry-item='8019' class='av-masonry-entry isotope-item post-8019 attachment type-attachment status-inherit hentry  av-masonry-item-with-image' title=\"H\u00fcppe Studio Berlin\" alt=\"H\u00fcppe Studio Berlin\"    itemprop=\"thumbnailUrl\" ><div class='av-inner-masonry-sizer'><\/div><figure class='av-inner-masonry main_color'><div class=\"av-masonry-outerimage-container\"><div class='av-masonry-image-container' style=\"background-image: url(https:\/\/www.bau-styl.hu\/furdoszobaszalon\/wp-content\/uploads\/2016\/11\/Hueppe-Studio-Berlin-pure-teilgerahmt-Eck-Duschkabine-ai13985_0-300x400.jpg);\"  title=\"H\u00fcppe Studio Berlin\" ><\/div><\/div><\/figure><\/a><!--end av-masonry entry--><\/div><\/div>\n\n<style type=\"text\/css\" data-created_by=\"avia_inline_auto\" id=\"style-css-av-onnfhi-cdb87c08dcb3ba1b52287735bd199254\">\n#top .hr.hr-invisible.av-onnfhi-cdb87c08dcb3ba1b52287735bd199254{\nheight:50px;\n}\n<\/style>\n<div  class='hr av-onnfhi-cdb87c08dcb3ba1b52287735bd199254 hr-invisible  avia-builder-el-8  el_after_av_masonry_gallery  el_before_av_one_full  avia-builder-el-first '><span class='hr-inner '><span class=\"hr-inner-style\"><\/span><\/span><\/div>\n\n<style type=\"text\/css\" data-created_by=\"avia_inline_auto\" id=\"style-css-av-tetkvb-3ef41c2f1f640cd589dee9b33c83cf85\">\n.flex_column.av-tetkvb-3ef41c2f1f640cd589dee9b33c83cf85{\nborder-radius:0px 0px 0px 0px;\npadding:0px 0px 0px 0px;\n}\n<\/style>\n<div  class='flex_column av-tetkvb-3ef41c2f1f640cd589dee9b33c83cf85 av_one_full  avia-builder-el-9  el_after_av_hr  avia-builder-el-last  first flex_column_div av-zero-column-padding  '     ><section  class='av_textblock_section av-k6tfxpen-742ec54894f8b28555c7357493501403 '   itemscope=\"itemscope\" itemtype=\"https:\/\/schema.org\/CreativeWork\" ><div class='avia_textblock'  itemprop=\"text\" ><p style=\"text-align: right;\"><a href=\"https:\/\/www.bau-styl.hu\/furdoszobaszalon\/index.php\/huppe\/\">Vissza minden H\u00fcppe kollekci\u00f3hoz<\/a><\/p>\n<\/div><\/section><\/div><\/div><\/div><\/div><!-- close content main div --><\/div><\/div><div id='after_section_2'  class='main_color av_default_container_wrap container_wrap sidebar_right'  ><div class='container av-section-cont-open' ><div class='template-page content  av-content-small alpha units'><div class='post-entry post-entry-type-page post-entry-2550'><div class='entry-content-wrapper clearfix'>\n","protected":false},"excerpt":{"rendered":"","protected":false},"author":2,"featured_media":0,"parent":0,"menu_order":0,"comment_status":"closed","ping_status":"closed","template":"","meta":{"footnotes":""},"class_list":["post-2550","page","type-page","status-publish","hentry"],"aioseo_notices":[],"_links":{"self":[{"href":"https:\/\/www.bau-styl.hu\/furdoszobaszalon\/wp-json\/wp\/v2\/pages\/2550","targetHints":{"allow":["GET"]}}],"collection":[{"href":"https:\/\/www.bau-styl.hu\/furdoszobaszalon\/wp-json\/wp\/v2\/pages"}],"about":[{"href":"https:\/\/www.bau-styl.hu\/furdoszobaszalon\/wp-json\/wp\/v2\/types\/page"}],"author":[{"embeddable":true,"href":"https:\/\/www.bau-styl.hu\/furdoszobaszalon\/wp-json\/wp\/v2\/users\/2"}],"replies":[{"embeddable":true,"href":"https:\/\/www.bau-styl.hu\/furdoszobaszalon\/wp-json\/wp\/v2\/comments?post=2550"}],"version-history":[{"count":0,"href":"https:\/\/www.bau-styl.hu\/furdoszobaszalon\/wp-json\/wp\/v2\/pages\/2550\/revisions"}],"wp:attachment":[{"href":"https:\/\/www.bau-styl.hu\/furdoszobaszalon\/wp-json\/wp\/v2\/media?parent=2550"}],"curies":[{"name":"wp","href":"https:\/\/api.w.org\/{rel}","templated":true}]}}