{"id":30354,"date":"2021-02-09T22:46:02","date_gmt":"2021-02-09T21:46:02","guid":{"rendered":"https:\/\/www.bau-styl.hu\/furdoszobaszalon\/?page_id=30354"},"modified":"2024-09-18T17:22:06","modified_gmt":"2024-09-18T16:22:06","slug":"emco","status":"publish","type":"page","link":"https:\/\/www.bau-styl.hu\/furdoszobaszalon\/emco\/","title":{"rendered":"Emco"},"content":{"rendered":"<div  class='flex_column av-2vhe7fy-8ca79d2ca3dd8b919a2d2980872197aa av_one_fifth  avia-builder-el-0  el_before_av_four_fifth  avia-builder-el-first  first flex_column_div  '     ><style type=\"text\/css\" data-created_by=\"avia_inline_auto\" id=\"style-css-av-2ubhpvy-d2b65f733cfacde2525bde5ea8cee939\">\n.avia-image-container.av-2ubhpvy-d2b65f733cfacde2525bde5ea8cee939 img.avia_image{\nbox-shadow:none;\n}\n.avia-image-container.av-2ubhpvy-d2b65f733cfacde2525bde5ea8cee939 .av-image-caption-overlay-center{\ncolor:#ffffff;\n}\n<\/style>\n<div  class='avia-image-container av-2ubhpvy-d2b65f733cfacde2525bde5ea8cee939 av-styling- avia-align-center  avia-builder-el-1  avia-builder-el-no-sibling '   itemprop=\"image\" itemscope=\"itemscope\" itemtype=\"https:\/\/schema.org\/ImageObject\" ><div class=\"avia-image-container-inner\"><div class=\"avia-image-overlay-wrap\"><img decoding=\"async\" fetchpriority=\"high\" class='wp-image-30355 avia-img-lazy-loading-not-30355 avia_image ' src=\"https:\/\/www.bau-styl.hu\/furdoszobaszalon\/wp-content\/uploads\/2021\/02\/emco-logo.jpg\" alt='' title='emco-logo'  height=\"300\" width=\"300\"  itemprop=\"thumbnailUrl\" srcset=\"https:\/\/www.bau-styl.hu\/furdoszobaszalon\/wp-content\/uploads\/2021\/02\/emco-logo.jpg 300w, https:\/\/www.bau-styl.hu\/furdoszobaszalon\/wp-content\/uploads\/2021\/02\/emco-logo-80x80.jpg 80w, https:\/\/www.bau-styl.hu\/furdoszobaszalon\/wp-content\/uploads\/2021\/02\/emco-logo-36x36.jpg 36w, https:\/\/www.bau-styl.hu\/furdoszobaszalon\/wp-content\/uploads\/2021\/02\/emco-logo-180x180.jpg 180w\" sizes=\"(max-width: 300px) 100vw, 300px\" \/><\/div><\/div><\/div><\/div>\n\n<style type=\"text\/css\" data-created_by=\"avia_inline_auto\" id=\"style-css-av-2srrjny-99ec1529287d850983b5717dcead86d1\">\n.flex_column.av-2srrjny-99ec1529287d850983b5717dcead86d1{\nborder-radius:0px 0px 0px 0px;\npadding:0px 0px 0px 0px;\n}\n<\/style>\n<div  class='flex_column av-2srrjny-99ec1529287d850983b5717dcead86d1 av_four_fifth  avia-builder-el-2  el_after_av_one_fifth  el_before_av_hr  flex_column_div av-zero-column-padding  '     ><section  class='av_textblock_section av-2qypq3y-b5cdcec48e21001329ad48c711a82128 '   itemscope=\"itemscope\" itemtype=\"https:\/\/schema.org\/CreativeWork\" ><div class='avia_textblock'  itemprop=\"text\" ><p><strong>EMCO<\/strong><\/p>\n<hr \/>\n<p style=\"text-align: justify;\">A n\u00e9metorsz\u00e1gi Lingen v\u00e1rosa ad otthonT 1952 \u00f3ta az Emco Bad v\u00e1llalatnak. Kiv\u00e1l\u00f3 min\u0151s\u00e9g\u0171 \u00e9s exkluz\u00edv f\u00fcrd\u0151szobai felszerel\u00e9sek \u00e9s kieg\u00e9sz\u00edt\u0151k gy\u00e1rt\u00e1s\u00e1ra specializ\u00e1l\u00f3dtak. Praktikus \u00e9s eszt\u00e9tikus \u00f6tleteik garant\u00e1lj\u00e1k, hogy ne csak \u201c\u00e1tutaz\u00f3ban\u201d tart\u00f3zkodjunk f\u00fcrd\u0151szob\u00e1nkban, hanem \u00e9lvezettel id\u0151zz\u00fcnk ott. Csal\u00e1di v\u00e1llalatk\u00e9nt fontos \u00e9rt\u00e9kk\u00e9nt tekintenek a hagyom\u00e1nyokra \u00e9s szoros kapcsolatot \u00e1polnak a vel\u00fck dolgoz\u00f3kkal. Term\u00e9kk\u00edn\u00e1lat\u00e1t LED-es t\u00fckr\u00f6s szekr\u00e9nyek, borotv\u00e1lkoz\u00e1si \u00e9s kozmetikai t\u00fckr\u00f6k, komplex mosd\u00f3 egys\u00e9gek \u00e9s modul\u00e1ris be\u00e9p\u00edthet\u0151 szekr\u00e9nyek alkotj\u00e1k.<\/p>\n<\/div><\/section><\/div>\n<style type=\"text\/css\" data-created_by=\"avia_inline_auto\" id=\"style-css-av-2p1hnlq-22e7bf9b8f8b6b8b38780a8919fd2633\">\n#top .hr.hr-invisible.av-2p1hnlq-22e7bf9b8f8b6b8b38780a8919fd2633{\nheight:50px;\n}\n<\/style>\n<div  class='hr av-2p1hnlq-22e7bf9b8f8b6b8b38780a8919fd2633 hr-invisible  avia-builder-el-4  el_after_av_four_fifth  el_before_av_one_third '><span class='hr-inner '><span class=\"hr-inner-style\"><\/span><\/span><\/div><\/p>\n<div  class='flex_column av-2mib4b2-fae031ee8a9014762c394a0b81a37097 av_one_third  avia-builder-el-5  el_after_av_hr  el_before_av_one_third  first flex_column_div  '     ><p><section  class='av_textblock_section av-2kyv0qm-f017fb3a3452988e9295871f6ce28a0a '   itemscope=\"itemscope\" itemtype=\"https:\/\/schema.org\/CreativeWork\" ><div class='avia_textblock'  itemprop=\"text\" ><p><strong>ROUND<\/strong><\/p>\n<\/div><\/section><br \/>\n\n<style type=\"text\/css\" data-created_by=\"avia_inline_auto\" id=\"style-css-av-2jyzv9a-f4a0e93ec2489241c38ebaecbfe5aae2\">\n.avia-image-container.av-2jyzv9a-f4a0e93ec2489241c38ebaecbfe5aae2 img.avia_image{\nbox-shadow:none;\n}\n.avia-image-container.av-2jyzv9a-f4a0e93ec2489241c38ebaecbfe5aae2 .av-image-caption-overlay-center{\ncolor:#ffffff;\n}\n<\/style>\n<div  class='avia-image-container av-2jyzv9a-f4a0e93ec2489241c38ebaecbfe5aae2 av-styling- av-hover-grow av-hide-overflow av-img-linked avia-align-center  avia-builder-el-7  el_after_av_textblock  avia-builder-el-last '   itemprop=\"image\" itemscope=\"itemscope\" itemtype=\"https:\/\/schema.org\/ImageObject\" ><div class=\"avia-image-container-inner\"><div class=\"avia-image-overlay-wrap\"><a href=\"https:\/\/www.bau-styl.hu\/furdoszobaszalon\/emco-round\/\" class='avia_image '  aria-label='Emco Round'><img decoding=\"async\" fetchpriority=\"high\" class='wp-image-30363 avia-img-lazy-loading-not-30363 avia_image ' src=\"https:\/\/www.bau-styl.hu\/furdoszobaszalon\/wp-content\/uploads\/2021\/02\/Emco_Round-2-495x400.jpg\" alt='Emco Round' title='Emco Round'  height=\"400\" width=\"495\"  itemprop=\"thumbnailUrl\"  \/><\/a><\/div><\/div><\/div><\/p><\/div>\n<div  class='flex_column av-2mib4b2-3-e5c5c31388913c252fa68a377bf6be6d av_one_third  avia-builder-el-8  el_after_av_one_third  avia-builder-el-last  flex_column_div  '     ><p><section  class='av_textblock_section av-2kyv0qm-2-cf9f2365031ec48f7239e9a1245e6733 '   itemscope=\"itemscope\" itemtype=\"https:\/\/schema.org\/CreativeWork\" ><div class='avia_textblock'  itemprop=\"text\" ><p><strong>FLOW<\/strong><\/p>\n<\/div><\/section><br \/>\n\n<style type=\"text\/css\" data-created_by=\"avia_inline_auto\" id=\"style-css-av-2jyzv9a-1-3b35709dc2abaa0776fa49079e9cc238\">\n.avia-image-container.av-2jyzv9a-1-3b35709dc2abaa0776fa49079e9cc238 img.avia_image{\nbox-shadow:none;\n}\n.avia-image-container.av-2jyzv9a-1-3b35709dc2abaa0776fa49079e9cc238 .av-image-caption-overlay-center{\ncolor:#ffffff;\n}\n<\/style>\n<div  class='avia-image-container av-2jyzv9a-1-3b35709dc2abaa0776fa49079e9cc238 av-styling- av-hover-grow av-hide-overflow av-img-linked avia-align-center  avia-builder-el-10  el_after_av_textblock  avia-builder-el-last '   itemprop=\"image\" itemscope=\"itemscope\" itemtype=\"https:\/\/schema.org\/ImageObject\" ><div class=\"avia-image-container-inner\"><div class=\"avia-image-overlay-wrap\"><a href=\"https:\/\/www.bau-styl.hu\/furdoszobaszalon\/emco-flow\/\" class='avia_image '  aria-label='Emco_Flow (4)'><img decoding=\"async\" fetchpriority=\"high\" class='wp-image-30384 avia-img-lazy-loading-not-30384 avia_image ' src=\"https:\/\/www.bau-styl.hu\/furdoszobaszalon\/wp-content\/uploads\/2021\/02\/Emco_Flow-4-495x400.jpg\" alt='' title='Emco_Flow (4)'  height=\"400\" width=\"495\"  itemprop=\"thumbnailUrl\"  \/><\/a><\/div><\/div><\/div><\/p><\/div>\n","protected":false},"excerpt":{"rendered":"","protected":false},"author":2,"featured_media":0,"parent":0,"menu_order":0,"comment_status":"closed","ping_status":"closed","template":"","meta":{"footnotes":""},"class_list":["post-30354","page","type-page","status-publish","hentry"],"aioseo_notices":[],"_links":{"self":[{"href":"https:\/\/www.bau-styl.hu\/furdoszobaszalon\/wp-json\/wp\/v2\/pages\/30354","targetHints":{"allow":["GET"]}}],"collection":[{"href":"https:\/\/www.bau-styl.hu\/furdoszobaszalon\/wp-json\/wp\/v2\/pages"}],"about":[{"href":"https:\/\/www.bau-styl.hu\/furdoszobaszalon\/wp-json\/wp\/v2\/types\/page"}],"author":[{"embeddable":true,"href":"https:\/\/www.bau-styl.hu\/furdoszobaszalon\/wp-json\/wp\/v2\/users\/2"}],"replies":[{"embeddable":true,"href":"https:\/\/www.bau-styl.hu\/furdoszobaszalon\/wp-json\/wp\/v2\/comments?post=30354"}],"version-history":[{"count":0,"href":"https:\/\/www.bau-styl.hu\/furdoszobaszalon\/wp-json\/wp\/v2\/pages\/30354\/revisions"}],"wp:attachment":[{"href":"https:\/\/www.bau-styl.hu\/furdoszobaszalon\/wp-json\/wp\/v2\/media?parent=30354"}],"curies":[{"name":"wp","href":"https:\/\/api.w.org\/{rel}","templated":true}]}}