{"id":43625,"date":"2023-10-24T14:11:27","date_gmt":"2023-10-24T13:11:27","guid":{"rendered":"https:\/\/www.bau-styl.hu\/furdoszobaszalon\/?page_id=43625"},"modified":"2023-11-06T08:06:16","modified_gmt":"2023-11-06T07:06:16","slug":"belteri-laminalt-padloburkolat","status":"publish","type":"page","link":"https:\/\/www.bau-styl.hu\/furdoszobaszalon\/belteri-laminalt-padloburkolat\/","title":{"rendered":"Belt\u00e9ri lamin\u00e1lt padl\u00f3burkolat"},"content":{"rendered":"\n<style type=\"text\/css\" data-created_by=\"avia_inline_auto\" id=\"style-css-av-lo4chz3d-1e79c97986e17d1193b1fdebdb7648da\">\n.avia-section.av-lo4chz3d-1e79c97986e17d1193b1fdebdb7648da{\nbackground-repeat:no-repeat;\nbackground-image:url(https:\/\/www.bau-styl.hu\/furdoszobaszalon\/wp-content\/uploads\/2023\/10\/Swisskrono-Aurum-laminalt-padlo-53.jpg);\nbackground-position:50% 50%;\nbackground-attachment:scroll;\n}\n.avia-section.av-lo4chz3d-1e79c97986e17d1193b1fdebdb7648da .av-section-color-overlay{\nopacity:0.5;\nbackground-color:#000000;\n}\n<\/style>\n<div id='av_section_1'  class='avia-section av-lo4chz3d-1e79c97986e17d1193b1fdebdb7648da main_color avia-section-default avia-no-border-styling  avia-builder-el-0  el_before_av_section  avia-builder-el-first  avia-full-stretch avia-bg-style-scroll av-section-color-overlay-active container_wrap sidebar_right'  data-section-bg-repeat='stretch'><div class=\"av-section-color-overlay-wrap\"><div class=\"av-section-color-overlay\"><\/div><div class='container av-section-cont-open' ><main  role=\"main\" itemprop=\"mainContentOfPage\"  class='template-page content  av-content-small alpha units'><div class='post-entry post-entry-type-page post-entry-43625'><div class='entry-content-wrapper clearfix'>\n\n<style type=\"text\/css\" data-created_by=\"avia_inline_auto\" id=\"style-css-av-3nz412h-9d913e87beb8fdd9c388dd73e7eaf2e0\">\n#top .hr.hr-invisible.av-3nz412h-9d913e87beb8fdd9c388dd73e7eaf2e0{\nheight:50px;\n}\n<\/style>\n<div  class='hr av-3nz412h-9d913e87beb8fdd9c388dd73e7eaf2e0 hr-invisible  avia-builder-el-1  el_before_av_heading  avia-builder-el-first '><span class='hr-inner '><span class=\"hr-inner-style\"><\/span><\/span><\/div>\n\n<style type=\"text\/css\" data-created_by=\"avia_inline_auto\" id=\"style-css-av-lo4ch570-f6a1b7d26ec24e87bd4426583b852efa\">\n#top .av-special-heading.av-lo4ch570-f6a1b7d26ec24e87bd4426583b852efa{\npadding-bottom:10px;\ncolor:#ffffff;\n}\nbody .av-special-heading.av-lo4ch570-f6a1b7d26ec24e87bd4426583b852efa .av-special-heading-tag .heading-char{\nfont-size:25px;\n}\n.av-special-heading.av-lo4ch570-f6a1b7d26ec24e87bd4426583b852efa .special-heading-inner-border{\nborder-color:#ffffff;\n}\n.av-special-heading.av-lo4ch570-f6a1b7d26ec24e87bd4426583b852efa .av-subheading{\nfont-size:15px;\n}\n<\/style>\n<div  class='av-special-heading av-lo4ch570-f6a1b7d26ec24e87bd4426583b852efa av-special-heading-h1 custom-color-heading blockquote modern-quote modern-centered  avia-builder-el-2  el_after_av_hr  el_before_av_hr '><h1 class='av-special-heading-tag '  itemprop=\"headline\"  >BELT\u00c9RI LAMIN\u00c1LT PADL\u00d3BURKOLAT<\/h1><div class='av_custom_color av-subheading av-subheading_below'><p>&#8211; MELEGBURKOLATOK &#8211;<\/p>\n<\/div><div class=\"special-heading-border\"><div class=\"special-heading-inner-border\"><\/div><\/div><\/div>\n\n<style type=\"text\/css\" data-created_by=\"avia_inline_auto\" id=\"style-css-av-33g6y6h-b70646dff3b777a198c73d8fbb3a17e5\">\n#top .hr.hr-invisible.av-33g6y6h-b70646dff3b777a198c73d8fbb3a17e5{\nheight:50px;\n}\n<\/style>\n<div  class='hr av-33g6y6h-b70646dff3b777a198c73d8fbb3a17e5 hr-invisible  avia-builder-el-3  el_after_av_heading  avia-builder-el-last '><span class='hr-inner '><span class=\"hr-inner-style\"><\/span><\/span><\/div>\n\n<\/div><\/div><\/main><!-- close content main element --><\/div><\/div><\/div><div id='av_section_2'  class='avia-section av-9hevxl-b03fe5b98e473530a3f9174bad146a95 main_color avia-section-default avia-no-border-styling  avia-builder-el-4  el_after_av_section  avia-builder-el-last  avia-bg-style-scroll container_wrap sidebar_right'  ><div class='container av-section-cont-open' ><div class='template-page content  av-content-small alpha units'><div class='post-entry post-entry-type-page post-entry-43625'><div class='entry-content-wrapper clearfix'>\n\n<style type=\"text\/css\" data-created_by=\"avia_inline_auto\" id=\"style-css-av-1xzet49-f54d82ceee0e2503a2ff8d36008eae9f\">\n.flex_column.av-1xzet49-f54d82ceee0e2503a2ff8d36008eae9f{\nborder-radius:0px 0px 0px 0px;\npadding:0px 0px 0px 0px;\n}\n<\/style>\n<div  class='flex_column av-1xzet49-f54d82ceee0e2503a2ff8d36008eae9f av_one_third  avia-builder-el-5  el_before_av_one_third  avia-builder-el-first  first flex_column_div av-zero-column-padding  '     ><p><section  class='av_textblock_section av-lo4cek1f-1976612f395760022f6be5bb84109384 '   itemscope=\"itemscope\" itemtype=\"https:\/\/schema.org\/CreativeWork\" ><div class='avia_textblock'  itemprop=\"text\" ><p><strong>SWISSKRONO AURUM<\/strong><\/p>\n<\/div><\/section><br \/>\n\n<style type=\"text\/css\" data-created_by=\"avia_inline_auto\" id=\"style-css-av-lo4cg128-caa5329c93b5411882a43e5f18f529e9\">\n.avia-image-container.av-lo4cg128-caa5329c93b5411882a43e5f18f529e9 img.avia_image{\nbox-shadow:none;\n}\n.avia-image-container.av-lo4cg128-caa5329c93b5411882a43e5f18f529e9 .av-image-caption-overlay-center{\ncolor:#ffffff;\n}\n<\/style>\n<div  class='avia-image-container av-lo4cg128-caa5329c93b5411882a43e5f18f529e9 av-styling- av-hover-grow av-hide-overflow av-img-linked avia-align-center  avia-builder-el-7  el_after_av_textblock  avia-builder-el-last '   itemprop=\"image\" itemscope=\"itemscope\" itemtype=\"https:\/\/schema.org\/ImageObject\" ><div class=\"avia-image-container-inner\"><div class=\"avia-image-overlay-wrap\"><a href=\"https:\/\/www.bau-styl.hu\/furdoszobaszalon\/aurum-laminalt-padlo\/\" class='avia_image '  aria-label='Swisskrono Aurum lamin\u00e1lt padl\u00f3 (33)'><img decoding=\"async\" fetchpriority=\"high\" class='wp-image-43542 avia-img-lazy-loading-not-43542 avia_image ' src=\"https:\/\/www.bau-styl.hu\/furdoszobaszalon\/wp-content\/uploads\/2023\/10\/Swisskrono-Aurum-laminalt-padlo-33-495x400.jpg\" alt='' title='Swisskrono Aurum lamin\u00e1lt padl\u00f3 (33)'  height=\"400\" width=\"495\"  itemprop=\"thumbnailUrl\"  \/><\/a><\/div><\/div><\/div><\/p><\/div>\n<style type=\"text\/css\" data-created_by=\"avia_inline_auto\" id=\"style-css-av-1pfjk7d-03edd34f54a9aaef4d8be596b30df91c\">\n.flex_column.av-1pfjk7d-03edd34f54a9aaef4d8be596b30df91c{\nborder-radius:0px 0px 0px 0px;\npadding:0px 0px 0px 0px;\n}\n<\/style>\n<div  class='flex_column av-1pfjk7d-03edd34f54a9aaef4d8be596b30df91c av_one_third  avia-builder-el-8  el_after_av_one_third  el_before_av_one_full  flex_column_div av-zero-column-padding  '     ><p><section  class='av_textblock_section av-lo4ceuv0-85a1b74b81361830fe2c53f570c06a58 '   itemscope=\"itemscope\" itemtype=\"https:\/\/schema.org\/CreativeWork\" ><div class='avia_textblock'  itemprop=\"text\" ><p><strong>SWISSKRONO PLATINIUM<\/strong><\/p>\n<\/div><\/section><br \/>\n\n<style type=\"text\/css\" data-created_by=\"avia_inline_auto\" id=\"style-css-av-lo4cgcf6-cac836c2174ae37b735c7aab2310c5f6\">\n.avia-image-container.av-lo4cgcf6-cac836c2174ae37b735c7aab2310c5f6 img.avia_image{\nbox-shadow:none;\n}\n.avia-image-container.av-lo4cgcf6-cac836c2174ae37b735c7aab2310c5f6 .av-image-caption-overlay-center{\ncolor:#ffffff;\n}\n<\/style>\n<div  class='avia-image-container av-lo4cgcf6-cac836c2174ae37b735c7aab2310c5f6 av-styling- av-hover-grow av-hide-overflow av-img-linked avia-align-center  avia-builder-el-10  el_after_av_textblock  avia-builder-el-last '   itemprop=\"image\" itemscope=\"itemscope\" itemtype=\"https:\/\/schema.org\/ImageObject\" ><div class=\"avia-image-container-inner\"><div class=\"avia-image-overlay-wrap\"><a href=\"https:\/\/www.bau-styl.hu\/furdoszobaszalon\/platinium-laminalt-padlo\/\" class='avia_image '  aria-label='Swisskrono Platinium lamin\u00e1lt padl\u00f3 (22)'><img decoding=\"async\" fetchpriority=\"high\" class='wp-image-43604 avia-img-lazy-loading-not-43604 avia_image ' src=\"https:\/\/www.bau-styl.hu\/furdoszobaszalon\/wp-content\/uploads\/2023\/10\/Swisskrono-Platinium-laminalt-padlo-22-495x400.jpg\" alt='' title='Swisskrono Platinium lamin\u00e1lt padl\u00f3 (22)'  height=\"400\" width=\"495\"  itemprop=\"thumbnailUrl\" srcset=\"https:\/\/www.bau-styl.hu\/furdoszobaszalon\/wp-content\/uploads\/2023\/10\/Swisskrono-Platinium-laminalt-padlo-22-495x400.jpg 495w, https:\/\/www.bau-styl.hu\/furdoszobaszalon\/wp-content\/uploads\/2023\/10\/Swisskrono-Platinium-laminalt-padlo-22-845x684.jpg 845w\" sizes=\"(max-width: 495px) 100vw, 495px\" \/><\/a><\/div><\/div><\/div><\/p><\/div><div  class='flex_column av-av_one_full-a961ec8c42a44a397321d1a2224da3ca av_one_full  avia-builder-el-11  el_after_av_one_third  el_before_av_one_full  first flex_column_div  column-top-margin'     ><section  class='av_textblock_section av-av_textblock-e878f05c31dff72941bf1e49a00d9ff5 '   itemscope=\"itemscope\" itemtype=\"https:\/\/schema.org\/CreativeWork\" ><div class='avia_textblock'  itemprop=\"text\" ><p style=\"text-align: right;\"><a href=\"https:\/\/www.bau-styl.hu\/furdoszobaszalon\/melegburkolatok\/\"><mark>Megn\u00e9zem a t\u00f6bbi melegburkolatot is!<\/mark><\/a><\/p>\n<\/div><\/section><\/div><div  class='flex_column av-1dk8rc9-da3420d8a6e75f9688cf3c5b1b882d49 av_one_full  avia-builder-el-13  el_after_av_one_full  avia-builder-el-last  first flex_column_div  column-top-margin'     ><div  class='av_promobox av-wg7jpl-fa64bcf745765bed6b328d19384ebf03 avia-button-yes  avia-builder-el-14  avia-builder-el-no-sibling '><div class='avia-promocontent'><p>\n<strong>Megtetszett valamelyik kollekci\u00f3?<br \/>\n<\/strong>L\u00e1togasson el szem\u00e9lyesen szalonunkba, ahol lehet\u0151s\u00e9ge van jobban megismerni k\u00edn\u00e1latunk \u00e9s a kiv\u00e1lasztott melegburkolathoz passzol\u00f3 belt\u00e9ri ajt\u00f3kat \u00e9s hidegburkolatokat is v\u00e1laszthat.<\/p>\n<\/div><div  class='avia-button-wrap av-wg7jpl-777ad9c031e0c80de491cb40c02b723a-wrap avia-button-right '><a href='https:\/\/www.bau-styl.hu\/furdoszobaszalon\/kapcsolat\/'  class='avia-button av-wg7jpl-777ad9c031e0c80de491cb40c02b723a av-link-btn avia-icon_select-no avia-size-large avia-position-right avia-color-theme-color'   aria-label=\"KAPCSOLAT\"><span class='avia_iconbox_title' >KAPCSOLAT<\/span><\/a><\/div><\/div><\/div><\/div><\/div><\/div><!-- close content main div --><\/div><\/div><div id='after_section_2'  class='main_color av_default_container_wrap container_wrap sidebar_right'  ><div class='container av-section-cont-open' ><div class='template-page content  av-content-small alpha units'><div class='post-entry post-entry-type-page post-entry-43625'><div class='entry-content-wrapper clearfix'>\n","protected":false},"excerpt":{"rendered":"","protected":false},"author":2,"featured_media":0,"parent":0,"menu_order":0,"comment_status":"closed","ping_status":"closed","template":"","meta":{"footnotes":""},"class_list":["post-43625","page","type-page","status-publish","hentry"],"aioseo_notices":[],"_links":{"self":[{"href":"https:\/\/www.bau-styl.hu\/furdoszobaszalon\/wp-json\/wp\/v2\/pages\/43625","targetHints":{"allow":["GET"]}}],"collection":[{"href":"https:\/\/www.bau-styl.hu\/furdoszobaszalon\/wp-json\/wp\/v2\/pages"}],"about":[{"href":"https:\/\/www.bau-styl.hu\/furdoszobaszalon\/wp-json\/wp\/v2\/types\/page"}],"author":[{"embeddable":true,"href":"https:\/\/www.bau-styl.hu\/furdoszobaszalon\/wp-json\/wp\/v2\/users\/2"}],"replies":[{"embeddable":true,"href":"https:\/\/www.bau-styl.hu\/furdoszobaszalon\/wp-json\/wp\/v2\/comments?post=43625"}],"version-history":[{"count":0,"href":"https:\/\/www.bau-styl.hu\/furdoszobaszalon\/wp-json\/wp\/v2\/pages\/43625\/revisions"}],"wp:attachment":[{"href":"https:\/\/www.bau-styl.hu\/furdoszobaszalon\/wp-json\/wp\/v2\/media?parent=43625"}],"curies":[{"name":"wp","href":"https:\/\/api.w.org\/{rel}","templated":true}]}}