{"id":46141,"date":"2024-06-10T16:56:02","date_gmt":"2024-06-10T15:56:02","guid":{"rendered":"https:\/\/www.bau-styl.hu\/furdoszobaszalon\/?page_id=46141"},"modified":"2024-07-23T11:48:15","modified_gmt":"2024-07-23T10:48:15","slug":"italgraniti","status":"publish","type":"page","link":"https:\/\/www.bau-styl.hu\/furdoszobaszalon\/italgraniti\/","title":{"rendered":"Italgraniti"},"content":{"rendered":"<div class='flex_column_table av-64fj56l-a511b38f888c3253c66a6a84f464285f sc-av_one_fifth av-equal-height-column-flextable'><div  class='flex_column av-64fj56l-a511b38f888c3253c66a6a84f464285f av_one_fifth  avia-builder-el-0  el_before_av_four_fifth  avia-builder-el-first  first flex_column_table_cell av-equal-height-column av-align-middle  '     ><style type=\"text\/css\" data-created_by=\"avia_inline_auto\" id=\"style-css-av-lx99qtkm-6506d92ce0c198b68cc14176135622bd\">\n.avia-image-container.av-lx99qtkm-6506d92ce0c198b68cc14176135622bd img.avia_image{\nbox-shadow:none;\n}\n.avia-image-container.av-lx99qtkm-6506d92ce0c198b68cc14176135622bd .av-image-caption-overlay-center{\ncolor:#ffffff;\n}\n<\/style>\n<div  class='avia-image-container av-lx99qtkm-6506d92ce0c198b68cc14176135622bd av-styling- avia-align-center  avia-builder-el-1  avia-builder-el-no-sibling '   itemprop=\"image\" itemscope=\"itemscope\" itemtype=\"https:\/\/schema.org\/ImageObject\" ><div class=\"avia-image-container-inner\"><div class=\"avia-image-overlay-wrap\"><img decoding=\"async\" fetchpriority=\"high\" class='wp-image-46147 avia-img-lazy-loading-not-46147 avia_image ' src=\"https:\/\/www.bau-styl.hu\/furdoszobaszalon\/wp-content\/uploads\/2024\/06\/Italgraniti.jpg\" alt='' title='Italgraniti'  height=\"300\" width=\"300\"  itemprop=\"thumbnailUrl\" srcset=\"https:\/\/www.bau-styl.hu\/furdoszobaszalon\/wp-content\/uploads\/2024\/06\/Italgraniti.jpg 300w, https:\/\/www.bau-styl.hu\/furdoszobaszalon\/wp-content\/uploads\/2024\/06\/Italgraniti-80x80.jpg 80w, https:\/\/www.bau-styl.hu\/furdoszobaszalon\/wp-content\/uploads\/2024\/06\/Italgraniti-36x36.jpg 36w, https:\/\/www.bau-styl.hu\/furdoszobaszalon\/wp-content\/uploads\/2024\/06\/Italgraniti-180x180.jpg 180w\" sizes=\"(max-width: 300px) 100vw, 300px\" \/><\/div><\/div><\/div><\/div>\n<div class='av-flex-placeholder'><\/div>\n<style type=\"text\/css\" data-created_by=\"avia_inline_auto\" id=\"style-css-av-5m95m71-acc1a55480adf5df9fde6399c29f1f79\">\n.flex_column.av-5m95m71-acc1a55480adf5df9fde6399c29f1f79{\nborder-radius:0px 0px 0px 0px;\npadding:0px 0px 0px 0px;\n}\n<\/style>\n<div  class='flex_column av-5m95m71-acc1a55480adf5df9fde6399c29f1f79 av_four_fifth  avia-builder-el-2  el_after_av_one_fifth  el_before_av_one_third  flex_column_table_cell av-equal-height-column av-align-middle av-zero-column-padding  '     ><p><section  class='av_textblock_section av-lx99igfa-f042dc66c9a49c6e181451dbbad8ffaa '   itemscope=\"itemscope\" itemtype=\"https:\/\/schema.org\/CreativeWork\" ><div class='avia_textblock'  itemprop=\"text\" ><p><strong>ITALGRANITI<\/strong><\/p>\n<hr \/>\n<p style=\"text-align: justify;\">Folyamatos innov\u00e1ci\u00f3 \u00e9s kutat\u00e1s jellemzi az olaszorsz\u00e1gi Italgraniti c\u00e9get mely a 90-es \u00e9vek k\u00f6zep\u00e9n egyes\u00fclt az\u00a0Improntaval. Sz\u00e9les greslap kollekci\u00f3j\u00e1val sz\u00e1mtalan megold\u00e1s k\u00edn\u00e1l lakoss\u00e1gi illetve nagyforgalm\u00fa k\u00f6z\u00fcleti terek\u00a0burkol\u00e1s\u00e1ra. A c\u00e9g a rendk\u00edv\u00fcl magas min\u0151s\u00e9gi \u00e9s eszt\u00e9tikai szempontok valamint a k\u00f6rnyezetv\u00e9delem\u00a0figyelembe v\u00e9tel\u00e9vel korszer\u0171,ugyanakkor id\u0151t\u00e1ll\u00f3 megold\u00e1sokkal szolg\u00e1l.<\/p>\n<\/div><\/section><br \/>\n<section  class='av_textblock_section av-5b5wbx9-6a0d5c982c3e4c104504190a7841eb8d '   itemscope=\"itemscope\" itemtype=\"https:\/\/schema.org\/CreativeWork\" ><div class='avia_textblock'  itemprop=\"text\" ><p><strong>A k\u00e9pre kattintva jobban megismerheti az adott burkolatcsal\u00e1dot!<\/strong><\/p>\n<\/div><\/section><\/p><\/div><\/div><!--close column table wrapper. Autoclose: 1 -->\n<div  class='flex_column av-2xm0zkt-9eec61aae6c0e720ffaa5d5f88e1d311 av_one_third  avia-builder-el-5  el_after_av_four_fifth  el_before_av_one_third  first flex_column_div  '     ><p><section  class='av_textblock_section av-lx99rm7m-dcfddd49b9b7b919c9870af185577075 '   itemscope=\"itemscope\" itemtype=\"https:\/\/schema.org\/CreativeWork\" ><div class='avia_textblock'  itemprop=\"text\" ><p><b>CHARM EXPERIENCE<\/b><\/p>\n<\/div><\/section><br \/>\n\n<style type=\"text\/css\" data-created_by=\"avia_inline_auto\" id=\"style-css-av-2jbqr8d-a2201d8744719a8970ec42e2439a0c77\">\n.avia-image-container.av-2jbqr8d-a2201d8744719a8970ec42e2439a0c77 img.avia_image{\nbox-shadow:none;\n}\n.avia-image-container.av-2jbqr8d-a2201d8744719a8970ec42e2439a0c77 .av-image-caption-overlay-center{\ncolor:#ffffff;\n}\n<\/style>\n<div  class='avia-image-container av-2jbqr8d-a2201d8744719a8970ec42e2439a0c77 av-styling- av-hover-grow av-hide-overflow av-img-linked avia-align-center  avia-builder-el-7  el_after_av_textblock  avia-builder-el-last '   itemprop=\"image\" itemscope=\"itemscope\" itemtype=\"https:\/\/schema.org\/ImageObject\" ><div class=\"avia-image-container-inner\"><div class=\"avia-image-overlay-wrap\"><a href=\"https:\/\/www.bau-styl.hu\/furdoszobaszalon\/italgraniti-charm-experience\/\" class='avia_image '  aria-label='Italgraniti Charm Experience (19)'><img decoding=\"async\" fetchpriority=\"high\" class='wp-image-46262 avia-img-lazy-loading-not-46262 avia_image ' src=\"https:\/\/www.bau-styl.hu\/furdoszobaszalon\/wp-content\/uploads\/2024\/06\/Italgraniti-Charm-Experience-19-495x400.jpg\" alt='Italgraniti Charm Experience' title='Italgraniti Charm Experience (19)'  height=\"400\" width=\"495\"  itemprop=\"thumbnailUrl\" srcset=\"https:\/\/www.bau-styl.hu\/furdoszobaszalon\/wp-content\/uploads\/2024\/06\/Italgraniti-Charm-Experience-19-495x400.jpg 495w, https:\/\/www.bau-styl.hu\/furdoszobaszalon\/wp-content\/uploads\/2024\/06\/Italgraniti-Charm-Experience-19-845x684.jpg 845w\" sizes=\"(max-width: 495px) 100vw, 495px\" \/><\/a><\/div><\/div><\/div><\/p><\/div>\n\n<style type=\"text\/css\" data-created_by=\"avia_inline_auto\" id=\"style-css-av-1zrtypp-bfafbcfee291e562e041d9992e84e8cc\">\n.flex_column.av-1zrtypp-bfafbcfee291e562e041d9992e84e8cc{\nborder-radius:0px 0px 0px 0px;\npadding:0px 0px 0px 0px;\n}\n<\/style>\n<div  class='flex_column av-1zrtypp-bfafbcfee291e562e041d9992e84e8cc av_one_third  avia-builder-el-8  el_after_av_one_third  el_before_av_one_third  flex_column_div av-zero-column-padding  '     ><p><section  class='av_textblock_section av-lx99rg75-83d62934b0ae295c0d2ba214ec7ef5e5 '   itemscope=\"itemscope\" itemtype=\"https:\/\/schema.org\/CreativeWork\" ><div class='avia_textblock'  itemprop=\"text\" ><p><b>I CEMENTI<\/b><\/p>\n<\/div><\/section><br \/>\n\n<style type=\"text\/css\" data-created_by=\"avia_inline_auto\" id=\"style-css-av-1qyk2fx-c329633874c7d9ef5540f97aaa5fe8c6\">\n.avia-image-container.av-1qyk2fx-c329633874c7d9ef5540f97aaa5fe8c6 img.avia_image{\nbox-shadow:none;\n}\n.avia-image-container.av-1qyk2fx-c329633874c7d9ef5540f97aaa5fe8c6 .av-image-caption-overlay-center{\ncolor:#ffffff;\n}\n<\/style>\n<div  class='avia-image-container av-1qyk2fx-c329633874c7d9ef5540f97aaa5fe8c6 av-styling- av-hover-grow av-hide-overflow av-img-linked avia-align-center  avia-builder-el-10  el_after_av_textblock  avia-builder-el-last '   itemprop=\"image\" itemscope=\"itemscope\" itemtype=\"https:\/\/schema.org\/ImageObject\" ><div class=\"avia-image-container-inner\"><div class=\"avia-image-overlay-wrap\"><a href=\"https:\/\/www.bau-styl.hu\/furdoszobaszalon\/italgraniti-i-cementi\/\" class='avia_image '  aria-label='Italgraniti I Cementi (16)'><img decoding=\"async\" fetchpriority=\"high\" class='wp-image-46227 avia-img-lazy-loading-not-46227 avia_image ' src=\"https:\/\/www.bau-styl.hu\/furdoszobaszalon\/wp-content\/uploads\/2024\/06\/Italgraniti-I-Cementi-16-495x400.jpg\" alt='Italgraniti I Cementi' title='Italgraniti I Cementi (16)'  height=\"400\" width=\"495\"  itemprop=\"thumbnailUrl\" srcset=\"https:\/\/www.bau-styl.hu\/furdoszobaszalon\/wp-content\/uploads\/2024\/06\/Italgraniti-I-Cementi-16-495x400.jpg 495w, https:\/\/www.bau-styl.hu\/furdoszobaszalon\/wp-content\/uploads\/2024\/06\/Italgraniti-I-Cementi-16-845x684.jpg 845w\" sizes=\"(max-width: 495px) 100vw, 495px\" \/><\/a><\/div><\/div><\/div><\/p><\/div>\n\n<style type=\"text\/css\" data-created_by=\"avia_inline_auto\" id=\"style-css-av-1zqkycd-cb28a1bdf11ca976a4348b01aa3342aa\">\n.flex_column.av-1zqkycd-cb28a1bdf11ca976a4348b01aa3342aa{\nborder-radius:0px 0px 0px 0px;\npadding:0px 0px 0px 0px;\n}\n<\/style>\n<div  class='flex_column av-1zqkycd-cb28a1bdf11ca976a4348b01aa3342aa av_one_third  avia-builder-el-11  el_after_av_one_third  el_before_av_one_third  flex_column_div av-zero-column-padding  '     ><p><section  class='av_textblock_section av-lxa5swuc-466eb378572cbc130076df70936de862 '   itemscope=\"itemscope\" itemtype=\"https:\/\/schema.org\/CreativeWork\" ><div class='avia_textblock'  itemprop=\"text\" ><p><b>NUANCES<\/b><\/p>\n<\/div><\/section><br \/>\n\n<style type=\"text\/css\" data-created_by=\"avia_inline_auto\" id=\"style-css-av-lxa5vb2b-3362c2565e23b026a84efd8dc4eeedcd\">\n.avia-image-container.av-lxa5vb2b-3362c2565e23b026a84efd8dc4eeedcd img.avia_image{\nbox-shadow:none;\n}\n.avia-image-container.av-lxa5vb2b-3362c2565e23b026a84efd8dc4eeedcd .av-image-caption-overlay-center{\ncolor:#ffffff;\n}\n<\/style>\n<div  class='avia-image-container av-lxa5vb2b-3362c2565e23b026a84efd8dc4eeedcd av-styling- av-hover-grow av-hide-overflow av-img-linked avia-align-center  avia-builder-el-13  el_after_av_textblock  avia-builder-el-last '   itemprop=\"image\" itemscope=\"itemscope\" itemtype=\"https:\/\/schema.org\/ImageObject\" ><div class=\"avia-image-container-inner\"><div class=\"avia-image-overlay-wrap\"><a href=\"https:\/\/www.bau-styl.hu\/furdoszobaszalon\/italgraniti-nuances\/\" class='avia_image '  aria-label='Italgraniti Nuances (9)'><img decoding=\"async\" fetchpriority=\"high\" class='wp-image-46209 avia-img-lazy-loading-not-46209 avia_image ' src=\"https:\/\/www.bau-styl.hu\/furdoszobaszalon\/wp-content\/uploads\/2024\/06\/Italgraniti-Nuances-9-1-495x400.jpg\" alt='Italgraniti Nuances' title='Italgraniti Nuances (9)'  height=\"400\" width=\"495\"  itemprop=\"thumbnailUrl\" srcset=\"https:\/\/www.bau-styl.hu\/furdoszobaszalon\/wp-content\/uploads\/2024\/06\/Italgraniti-Nuances-9-1-495x400.jpg 495w, https:\/\/www.bau-styl.hu\/furdoszobaszalon\/wp-content\/uploads\/2024\/06\/Italgraniti-Nuances-9-1-845x684.jpg 845w\" sizes=\"(max-width: 495px) 100vw, 495px\" \/><\/a><\/div><\/div><\/div><\/p><\/div>\n\n<style type=\"text\/css\" data-created_by=\"avia_inline_auto\" id=\"style-css-av-5gi18d-f49d806d5c5fbafce5efbfb8e1ce9e0e\">\n.flex_column.av-5gi18d-f49d806d5c5fbafce5efbfb8e1ce9e0e{\nborder-radius:0px 0px 0px 0px;\npadding:0px 0px 0px 0px;\n}\n<\/style>\n<div  class='flex_column av-5gi18d-f49d806d5c5fbafce5efbfb8e1ce9e0e av_one_third  avia-builder-el-14  el_after_av_one_third  el_before_av_one_third  first flex_column_div av-zero-column-padding  column-top-margin'     ><p><section  class='av_textblock_section av-16ukyu5-6da4fd1f43ba4e152eba01db9ceb51b4 '   itemscope=\"itemscope\" itemtype=\"https:\/\/schema.org\/CreativeWork\" ><div class='avia_textblock'  itemprop=\"text\" ><p><b>TRAVERTINI<\/b><\/p>\n<\/div><\/section><br \/>\n\n<style type=\"text\/css\" data-created_by=\"avia_inline_auto\" id=\"style-css-av-tzdq71-75f92d6cbbc484d1516c104d8e9020f6\">\n.avia-image-container.av-tzdq71-75f92d6cbbc484d1516c104d8e9020f6 img.avia_image{\nbox-shadow:none;\n}\n.avia-image-container.av-tzdq71-75f92d6cbbc484d1516c104d8e9020f6 .av-image-caption-overlay-center{\ncolor:#ffffff;\n}\n<\/style>\n<div  class='avia-image-container av-tzdq71-75f92d6cbbc484d1516c104d8e9020f6 av-styling- av-hover-grow av-hide-overflow av-img-linked avia-align-center  avia-builder-el-16  el_after_av_textblock  avia-builder-el-last '   itemprop=\"image\" itemscope=\"itemscope\" itemtype=\"https:\/\/schema.org\/ImageObject\" ><div class=\"avia-image-container-inner\"><div class=\"avia-image-overlay-wrap\"><a href=\"https:\/\/www.bau-styl.hu\/furdoszobaszalon\/italgraniti-travertini\/\" class='avia_image '  aria-label='Italgraniti Travertini (1)'><img decoding=\"async\" fetchpriority=\"high\" class='wp-image-46175 avia-img-lazy-loading-not-46175 avia_image ' src=\"https:\/\/www.bau-styl.hu\/furdoszobaszalon\/wp-content\/uploads\/2024\/06\/Italgraniti-Travertini-1-1-495x400.jpg\" alt='Italgraniti Travertini' title='Italgraniti Travertini (1)'  height=\"400\" width=\"495\"  itemprop=\"thumbnailUrl\" srcset=\"https:\/\/www.bau-styl.hu\/furdoszobaszalon\/wp-content\/uploads\/2024\/06\/Italgraniti-Travertini-1-1-495x400.jpg 495w, https:\/\/www.bau-styl.hu\/furdoszobaszalon\/wp-content\/uploads\/2024\/06\/Italgraniti-Travertini-1-1-845x684.jpg 845w\" sizes=\"(max-width: 495px) 100vw, 495px\" \/><\/a><\/div><\/div><\/div><\/p><\/div>\n\n<style type=\"text\/css\" data-created_by=\"avia_inline_auto\" id=\"style-css-av-av_one_third-e671fab5613f317ef63eb9ab712c64a3\">\n.flex_column.av-av_one_third-e671fab5613f317ef63eb9ab712c64a3{\nborder-radius:0px 0px 0px 0px;\npadding:0px 0px 0px 0px;\n}\n<\/style>\n<div  class='flex_column av-av_one_third-e671fab5613f317ef63eb9ab712c64a3 av_one_third  avia-builder-el-17  el_after_av_one_third  el_before_av_one_full  flex_column_div av-zero-column-padding  column-top-margin'     ><p><section  class='av_textblock_section av-lyyakol1-c276e799afb9fe326786e1267b4647bb '   itemscope=\"itemscope\" itemtype=\"https:\/\/schema.org\/CreativeWork\" ><div class='avia_textblock'  itemprop=\"text\" ><p><b>DORSET<\/b><\/p>\n<\/div><\/section><br \/>\n\n<style type=\"text\/css\" data-created_by=\"avia_inline_auto\" id=\"style-css-av-lyyaldds-d735e7997e764aecab43d7a15bbde7a2\">\n.avia-image-container.av-lyyaldds-d735e7997e764aecab43d7a15bbde7a2 img.avia_image{\nbox-shadow:none;\n}\n.avia-image-container.av-lyyaldds-d735e7997e764aecab43d7a15bbde7a2 .av-image-caption-overlay-center{\ncolor:#ffffff;\n}\n<\/style>\n<div  class='avia-image-container av-lyyaldds-d735e7997e764aecab43d7a15bbde7a2 av-styling- av-hover-grow av-hide-overflow av-img-linked avia-align-center  avia-builder-el-19  el_after_av_textblock  avia-builder-el-last '   itemprop=\"image\" itemscope=\"itemscope\" itemtype=\"https:\/\/schema.org\/ImageObject\" ><div class=\"avia-image-container-inner\"><div class=\"avia-image-overlay-wrap\"><a href=\"https:\/\/www.bau-styl.hu\/furdoszobaszalon\/italgraniti-dorset\/\" class='avia_image '  aria-label='Italgraniti Dorset (11)'><img decoding=\"async\" fetchpriority=\"high\" class='wp-image-46433 avia-img-lazy-loading-not-46433 avia_image ' src=\"https:\/\/www.bau-styl.hu\/furdoszobaszalon\/wp-content\/uploads\/2024\/07\/Italgraniti-Dorset-11-495x400.jpg\" alt='Italgraniti Dorset' title='Italgraniti Dorset (11)'  height=\"400\" width=\"495\"  itemprop=\"thumbnailUrl\" srcset=\"https:\/\/www.bau-styl.hu\/furdoszobaszalon\/wp-content\/uploads\/2024\/07\/Italgraniti-Dorset-11-495x400.jpg 495w, https:\/\/www.bau-styl.hu\/furdoszobaszalon\/wp-content\/uploads\/2024\/07\/Italgraniti-Dorset-11-845x684.jpg 845w\" sizes=\"(max-width: 495px) 100vw, 495px\" \/><\/a><\/div><\/div><\/div><\/p><\/div><div  class='flex_column av-143kkxp-13af4315f486b164d738fd89fb9873c8 av_one_full  avia-builder-el-20  el_after_av_one_third  avia-builder-el-last  first flex_column_div  column-top-margin'     ><div  class='av_promobox av-vfrvfh-20dba4168bf2406828594957eb50bba9 avia-button-yes  avia-builder-el-21  avia-builder-el-no-sibling '><div class='avia-promocontent'><p>\n<strong>Ha elnyerte tetsz\u00e9s\u00e9t valamelyik kollekci\u00f3nk, sok szeretettel v\u00e1rjuk szem\u00e9lyesen is szalonunkban!<\/strong><br \/>\nFoglaljon id\u0151pontot \u00e9rt\u00e9kes\u00edt\u0151nkh\u00f6z, \u00edgy mindenben teljes k\u00f6r\u0171en tudunk seg\u00edteni!<\/p>\n<\/div><div  class='avia-button-wrap av-vfrvfh-4ff3d8bcecbb5c979a4d40f6cd7ba1ba-wrap avia-button-right '><a href='https:\/\/www.bau-styl.hu\/furdoszobaszalon\/rolunk\/#foglalas'  class='avia-button av-vfrvfh-4ff3d8bcecbb5c979a4d40f6cd7ba1ba av-link-btn avia-icon_select-no avia-size-large avia-position-right avia-color-theme-color'   aria-label=\"ID\u0150PONTOT FOGLALOK!\"><span class='avia_iconbox_title' >ID\u0150PONTOT FOGLALOK!<\/span><\/a><\/div><\/div><\/div><\/p>\n","protected":false},"excerpt":{"rendered":"","protected":false},"author":2,"featured_media":0,"parent":0,"menu_order":0,"comment_status":"closed","ping_status":"closed","template":"","meta":{"footnotes":""},"class_list":["post-46141","page","type-page","status-publish","hentry"],"aioseo_notices":[],"_links":{"self":[{"href":"https:\/\/www.bau-styl.hu\/furdoszobaszalon\/wp-json\/wp\/v2\/pages\/46141","targetHints":{"allow":["GET"]}}],"collection":[{"href":"https:\/\/www.bau-styl.hu\/furdoszobaszalon\/wp-json\/wp\/v2\/pages"}],"about":[{"href":"https:\/\/www.bau-styl.hu\/furdoszobaszalon\/wp-json\/wp\/v2\/types\/page"}],"author":[{"embeddable":true,"href":"https:\/\/www.bau-styl.hu\/furdoszobaszalon\/wp-json\/wp\/v2\/users\/2"}],"replies":[{"embeddable":true,"href":"https:\/\/www.bau-styl.hu\/furdoszobaszalon\/wp-json\/wp\/v2\/comments?post=46141"}],"version-history":[{"count":0,"href":"https:\/\/www.bau-styl.hu\/furdoszobaszalon\/wp-json\/wp\/v2\/pages\/46141\/revisions"}],"wp:attachment":[{"href":"https:\/\/www.bau-styl.hu\/furdoszobaszalon\/wp-json\/wp\/v2\/media?parent=46141"}],"curies":[{"name":"wp","href":"https:\/\/api.w.org\/{rel}","templated":true}]}}