{"id":47615,"date":"2025-03-31T09:59:51","date_gmt":"2025-03-31T08:59:51","guid":{"rendered":"https:\/\/www.bau-styl.hu\/furdoszobaszalon\/?page_id=47615"},"modified":"2026-03-31T09:18:44","modified_gmt":"2026-03-31T08:18:44","slug":"novabell-atelier","status":"publish","type":"page","link":"https:\/\/www.bau-styl.hu\/furdoszobaszalon\/novabell-atelier\/","title":{"rendered":"NovaBell Atelier"},"content":{"rendered":"\n<style type=\"text\/css\" data-created_by=\"avia_inline_auto\" id=\"style-css-av-m8wviqtl-5c1203c74272b5ad1cb2679168fcc4ec\">\n.avia-section.av-m8wviqtl-5c1203c74272b5ad1cb2679168fcc4ec{\nbackground-repeat:no-repeat;\nbackground-image:url(https:\/\/www.bau-styl.hu\/furdoszobaszalon\/wp-content\/uploads\/2025\/03\/NovaBell-Atelier-1.jpg);\nbackground-position:50% 100%;\nbackground-attachment:scroll;\n}\n.avia-section.av-m8wviqtl-5c1203c74272b5ad1cb2679168fcc4ec .av-section-color-overlay{\nopacity:0.5;\nbackground-color:#000000;\n}\n<\/style>\n<div id='av_section_1'  class='avia-section av-m8wviqtl-5c1203c74272b5ad1cb2679168fcc4ec main_color avia-section-default avia-no-shadow  avia-builder-el-0  el_before_av_section  avia-builder-el-first  avia-full-stretch avia-bg-style-scroll av-section-color-overlay-active container_wrap sidebar_right'  data-section-bg-repeat='stretch'><div class=\"av-section-color-overlay-wrap\"><div class=\"av-section-color-overlay\"><\/div><div class='container av-section-cont-open' ><main  role=\"main\" itemprop=\"mainContentOfPage\"  class='template-page content  av-content-small alpha units'><div class='post-entry post-entry-type-page post-entry-47615'><div class='entry-content-wrapper clearfix'>\n\n<style type=\"text\/css\" data-created_by=\"avia_inline_auto\" id=\"style-css-av-8k0r4e7-05f1198d2239adbd2d2024086b9f64ac\">\n#top .hr.hr-invisible.av-8k0r4e7-05f1198d2239adbd2d2024086b9f64ac{\nheight:50px;\n}\n<\/style>\n<div  class='hr av-8k0r4e7-05f1198d2239adbd2d2024086b9f64ac hr-invisible  avia-builder-el-1  el_before_av_heading  avia-builder-el-first '><span class='hr-inner '><span class=\"hr-inner-style\"><\/span><\/span><\/div>\n\n<style type=\"text\/css\" data-created_by=\"avia_inline_auto\" id=\"style-css-av-892qg8v-559d772b6c2e75637baf9d7ad7dcb28b\">\n#top .av-special-heading.av-892qg8v-559d772b6c2e75637baf9d7ad7dcb28b{\npadding-bottom:10px;\ncolor:#ffffff;\n}\nbody .av-special-heading.av-892qg8v-559d772b6c2e75637baf9d7ad7dcb28b .av-special-heading-tag .heading-char{\nfont-size:25px;\n}\n.av-special-heading.av-892qg8v-559d772b6c2e75637baf9d7ad7dcb28b .special-heading-inner-border{\nborder-color:#ffffff;\n}\n.av-special-heading.av-892qg8v-559d772b6c2e75637baf9d7ad7dcb28b .av-subheading{\nfont-size:15px;\n}\n<\/style>\n<div  class='av-special-heading av-892qg8v-559d772b6c2e75637baf9d7ad7dcb28b av-special-heading-h1 custom-color-heading blockquote modern-quote modern-centered  avia-builder-el-2  el_after_av_hr  el_before_av_hr '><h1 class='av-special-heading-tag '  itemprop=\"headline\"  >ATELIER<\/h1><div class='av_custom_color av-subheading av-subheading_below'><p>NOVABELL<\/p>\n<\/div><div class=\"special-heading-border\"><div class=\"special-heading-inner-border\"><\/div><\/div><\/div>\n\n<style type=\"text\/css\" data-created_by=\"avia_inline_auto\" id=\"style-css-av-7rozvgf-7fe11c77177fd7368d3a7603c07580f5\">\n#top .hr.hr-invisible.av-7rozvgf-7fe11c77177fd7368d3a7603c07580f5{\nheight:50px;\n}\n<\/style>\n<div  class='hr av-7rozvgf-7fe11c77177fd7368d3a7603c07580f5 hr-invisible  avia-builder-el-3  el_after_av_heading  avia-builder-el-last '><span class='hr-inner '><span class=\"hr-inner-style\"><\/span><\/span><\/div>\n\n<\/div><\/div><\/main><!-- close content main element --><\/div><\/div><\/div><div id='av_section_2'  class='avia-section av-7b4b8zj-58eb1eec2d1f727401718a9aaaea2519 main_color avia-section-default avia-no-shadow  avia-builder-el-4  el_after_av_section  el_before_av_section  avia-bg-style-scroll container_wrap sidebar_right'  ><div class='container av-section-cont-open' ><div class='template-page content  av-content-small alpha units'><div class='post-entry post-entry-type-page post-entry-47615'><div class='entry-content-wrapper clearfix'>\n<section  class='av_textblock_section av-m8wv850w-96e525775a47ba24673b3ada8673ee82 '   itemscope=\"itemscope\" itemtype=\"https:\/\/schema.org\/CreativeWork\" ><div class='avia_textblock'  itemprop=\"text\" ><p style=\"text-align: justify;\">A NovaBell\u00a0<span class=\"il\">Atelier<\/span>\u00a0kollekci\u00f3 a term\u00e9szetes m\u00e1rv\u00e1ny sz\u00e9ps\u00e9g\u00e9t \u00e9s eleganci\u00e1j\u00e1t hozza el a modern enteri\u0151r\u00f6kbe. K\u00fcl\u00f6nlegess\u00e9ge, hogy az innovat\u00edv technol\u00f3gi\u00e1knak k\u00f6sz\u00f6nhet\u0151en nem csak a grafik\u00e1ban, hanem a fel\u00fcleti strukt\u00far\u00e1ban is az eredeti anyag t\u00f6k\u00e9letes m\u00e1sa elevenedik meg. \u00d6t kifinomult \u00e1rnyalat\u00e1val ez a burkolatcsal\u00e1d b\u00e1rmilyen t\u00e9rbe harmonikusan illeszkedik, legyen sz\u00f3 otthonunkr\u00f3l vagy eleg\u00e1ns k\u00f6z\u00f6ss\u00e9gi terekr\u0151l. A Calacatta Gold \u00e1rnyalat feh\u00e9r alapon fut\u00f3 arany erezet exkluz\u00edv, id\u0151tlen hat\u00e1st kelt. A Cozy Marfil a b\u00e9zses t\u00f3nusai nyugodt \u00e9s bar\u00e1ts\u00e1gos atmoszf\u00e9r\u00e1t teremtenek. A Crystal Dolomia \u00a0Vil\u00e1gos, szinte krist\u00e1lyosan \u00e1ttetsz\u0151 mint\u00e1zata letisztult \u00e9s eleg\u00e1ns megjelen\u00e9st biztos\u00edt. A Supreme Capraia feh\u00e9r alapsz\u00edn\u00e9n a legv\u00e1ltozatosabb t\u00f3nusok bontakoznak ki. A Shade River s\u0171r\u0171 erezet\u0171, b\u00e9zs sz\u00edn\u00e9vel, izgalmas karaktert k\u00f6lcs\u00f6n\u00f6z a fel\u00fcleteknek. A kollekci\u00f3 sz\u00e9les mozaik v\u00e1laszt\u00e9kot k\u00edn\u00e1l. Hatsz\u00f6glet\u0171, klasszikus, halsz\u00e1lka mint\u00e1s, r\u00e1csos \u00e9s egy\u00e9b izgalmas mint\u00e1zatokkal t\u00f6rhetj\u00fck meg az egys\u00edk\u00fa fel\u00fcleteket. A k\u00fcl\u00f6nb\u00f6z\u0151 m\u00e9retek lehet\u0151v\u00e9 teszik a sokoldal\u00fa felhaszn\u00e1l\u00e1st, a hagyom\u00e1nyos, kompakt m\u00e9retek mellett 120&#215;278 cm-es verzi\u00f3ban is rendelhet\u0151.<\/p>\n<\/div><\/section>\n<section  class='av_textblock_section av-6htsabj-21c7844e7dc3512f7475555d2b4eb868 '   itemscope=\"itemscope\" itemtype=\"https:\/\/schema.org\/CreativeWork\" ><div class='avia_textblock'  itemprop=\"text\" ><p style=\"text-align: right;\"><mark><strong><a href=\"#ajanlat\">Aj\u00e1nlatot k\u00e9rek!<\/a><\/strong><\/mark><\/p>\n<\/div><\/section>\n<div  class='av_promobox av-64de0jj-dd5940e7a3e89073a262da3b0567b179 avia-button-yes  avia-builder-el-7  el_after_av_textblock  el_before_av_hr '><div class='avia-promocontent'><p>R\u00e9szletesebb inform\u00e1ci\u00f3t \u00e9s technikai adatokat a katal\u00f3gusban tal\u00e1l.<\/p>\n<\/div><div  class='avia-button-wrap av-64de0jj-dbae1e0bfc6dffcfc9a1a6db642a82c5-wrap avia-button-right '><a href='https:\/\/www.bau-styl.hu\/furdoszobaszalon\/wp-content\/uploads\/2025\/03\/Atelier-1.pdf'  class='avia-button av-64de0jj-dbae1e0bfc6dffcfc9a1a6db642a82c5 av-link-btn avia-icon_select-no avia-size-large avia-position-right avia-color-theme-color'  target=\"_blank\"  rel=\"noopener noreferrer\"  aria-label=\"Katal\u00f3gus megtekint\u00e9se\"><span class='avia_iconbox_title' >Katal\u00f3gus megtekint\u00e9se<\/span><\/a><\/div><\/div>\n\n<style type=\"text\/css\" data-created_by=\"avia_inline_auto\" id=\"style-css-av-5o13lpb-f9e3c7864bbd2681855dfcdfb21fa223\">\n#top .hr.hr-invisible.av-5o13lpb-f9e3c7864bbd2681855dfcdfb21fa223{\nheight:50px;\n}\n<\/style>\n<div  class='hr av-5o13lpb-f9e3c7864bbd2681855dfcdfb21fa223 hr-invisible  avia-builder-el-8  el_after_av_promobox  el_before_av_masonry_gallery  avia-builder-el-last '><span class='hr-inner '><span class=\"hr-inner-style\"><\/span><\/span><\/div>\n<div id='av-masonry-1' class='av-masonry av-m8wvhe2d-30e9cc29e81d2a5bd387efbf68ed45b2 noHover av-fixed-size av-large-gap av-hover-overlay- av-masonry-animation-active av-masonry-col-5 av-caption-always av-caption-style- av-masonry-gallery av-medium-columns-overwrite av-medium-columns-4 av-small-columns-overwrite av-small-columns-4 av-mini-columns-overwrite av-mini-columns-4 ' data-post_id=\"47615\"><div class=\"av-masonry-container isotope av-js-disabled\"><div class='av-masonry-entry isotope-item av-masonry-item-no-image '><\/div><a href=\"https:\/\/www.bau-styl.hu\/furdoszobaszalon\/wp-content\/uploads\/2025\/03\/NovaBell-Atelier-1.jpg\" data-srcset=\"https:\/\/www.bau-styl.hu\/furdoszobaszalon\/wp-content\/uploads\/2025\/03\/NovaBell-Atelier-1.jpg 1800w, https:\/\/www.bau-styl.hu\/furdoszobaszalon\/wp-content\/uploads\/2025\/03\/NovaBell-Atelier-1-300x200.jpg 300w, https:\/\/www.bau-styl.hu\/furdoszobaszalon\/wp-content\/uploads\/2025\/03\/NovaBell-Atelier-1-1030x687.jpg 1030w, https:\/\/www.bau-styl.hu\/furdoszobaszalon\/wp-content\/uploads\/2025\/03\/NovaBell-Atelier-1-768x512.jpg 768w, https:\/\/www.bau-styl.hu\/furdoszobaszalon\/wp-content\/uploads\/2025\/03\/NovaBell-Atelier-1-1536x1024.jpg 1536w, https:\/\/www.bau-styl.hu\/furdoszobaszalon\/wp-content\/uploads\/2025\/03\/NovaBell-Atelier-1-1500x1000.jpg 1500w, https:\/\/www.bau-styl.hu\/furdoszobaszalon\/wp-content\/uploads\/2025\/03\/NovaBell-Atelier-1-705x470.jpg 705w\" data-sizes=\"(max-width: 1800px) 100vw, 1800px\"  aria-label=\"image NovaBell Atelier (1)\"  id='av-masonry-1-item-47619' data-av-masonry-item='47619' class='av-masonry-entry isotope-item post-47619 attachment type-attachment status-inherit hentry  av-masonry-item-with-image' title=\"NovaBell Atelier (1)\" alt=\"\"    itemprop=\"thumbnailUrl\" ><div class='av-inner-masonry-sizer'><\/div><figure class='av-inner-masonry main_color'><div class=\"av-masonry-outerimage-container\"><div class='av-masonry-image-container' style=\"background-image: url(https:\/\/www.bau-styl.hu\/furdoszobaszalon\/wp-content\/uploads\/2025\/03\/NovaBell-Atelier-1-495x400.jpg);\"  title=\"NovaBell Atelier (1)\" ><\/div><\/div><\/figure><\/a><!--end av-masonry entry--><a href=\"https:\/\/www.bau-styl.hu\/furdoszobaszalon\/wp-content\/uploads\/2025\/03\/NovaBell-Atelier-4.jpg\" data-srcset=\"https:\/\/www.bau-styl.hu\/furdoszobaszalon\/wp-content\/uploads\/2025\/03\/NovaBell-Atelier-4.jpg 1800w, https:\/\/www.bau-styl.hu\/furdoszobaszalon\/wp-content\/uploads\/2025\/03\/NovaBell-Atelier-4-300x200.jpg 300w, https:\/\/www.bau-styl.hu\/furdoszobaszalon\/wp-content\/uploads\/2025\/03\/NovaBell-Atelier-4-1030x687.jpg 1030w, https:\/\/www.bau-styl.hu\/furdoszobaszalon\/wp-content\/uploads\/2025\/03\/NovaBell-Atelier-4-768x512.jpg 768w, https:\/\/www.bau-styl.hu\/furdoszobaszalon\/wp-content\/uploads\/2025\/03\/NovaBell-Atelier-4-1536x1024.jpg 1536w, https:\/\/www.bau-styl.hu\/furdoszobaszalon\/wp-content\/uploads\/2025\/03\/NovaBell-Atelier-4-1500x1000.jpg 1500w, https:\/\/www.bau-styl.hu\/furdoszobaszalon\/wp-content\/uploads\/2025\/03\/NovaBell-Atelier-4-705x470.jpg 705w\" data-sizes=\"(max-width: 1800px) 100vw, 1800px\"  aria-label=\"image NovaBell Atelier (4)\"  id='av-masonry-1-item-47620' data-av-masonry-item='47620' class='av-masonry-entry isotope-item post-47620 attachment type-attachment status-inherit hentry  av-masonry-item-with-image' title=\"NovaBell Atelier (4)\" alt=\"\"    itemprop=\"thumbnailUrl\" ><div class='av-inner-masonry-sizer'><\/div><figure class='av-inner-masonry main_color'><div class=\"av-masonry-outerimage-container\"><div class='av-masonry-image-container' style=\"background-image: url(https:\/\/www.bau-styl.hu\/furdoszobaszalon\/wp-content\/uploads\/2025\/03\/NovaBell-Atelier-4-495x400.jpg);\"  title=\"NovaBell Atelier (4)\" ><\/div><\/div><\/figure><\/a><!--end av-masonry entry--><a href=\"https:\/\/www.bau-styl.hu\/furdoszobaszalon\/wp-content\/uploads\/2025\/03\/NovaBell-Atelier-2.jpg\" data-srcset=\"https:\/\/www.bau-styl.hu\/furdoszobaszalon\/wp-content\/uploads\/2025\/03\/NovaBell-Atelier-2.jpg 1800w, https:\/\/www.bau-styl.hu\/furdoszobaszalon\/wp-content\/uploads\/2025\/03\/NovaBell-Atelier-2-300x200.jpg 300w, https:\/\/www.bau-styl.hu\/furdoszobaszalon\/wp-content\/uploads\/2025\/03\/NovaBell-Atelier-2-1030x687.jpg 1030w, https:\/\/www.bau-styl.hu\/furdoszobaszalon\/wp-content\/uploads\/2025\/03\/NovaBell-Atelier-2-768x512.jpg 768w, https:\/\/www.bau-styl.hu\/furdoszobaszalon\/wp-content\/uploads\/2025\/03\/NovaBell-Atelier-2-1536x1024.jpg 1536w, https:\/\/www.bau-styl.hu\/furdoszobaszalon\/wp-content\/uploads\/2025\/03\/NovaBell-Atelier-2-1500x1000.jpg 1500w, https:\/\/www.bau-styl.hu\/furdoszobaszalon\/wp-content\/uploads\/2025\/03\/NovaBell-Atelier-2-705x470.jpg 705w\" data-sizes=\"(max-width: 1800px) 100vw, 1800px\"  aria-label=\"image NovaBell Atelier (2)\"  id='av-masonry-1-item-47621' data-av-masonry-item='47621' class='av-masonry-entry isotope-item post-47621 attachment type-attachment status-inherit hentry  av-masonry-item-with-image' title=\"NovaBell Atelier (2)\" alt=\"\"    itemprop=\"thumbnailUrl\" ><div class='av-inner-masonry-sizer'><\/div><figure class='av-inner-masonry main_color'><div class=\"av-masonry-outerimage-container\"><div class='av-masonry-image-container' style=\"background-image: url(https:\/\/www.bau-styl.hu\/furdoszobaszalon\/wp-content\/uploads\/2025\/03\/NovaBell-Atelier-2-495x400.jpg);\"  title=\"NovaBell Atelier (2)\" ><\/div><\/div><\/figure><\/a><!--end av-masonry entry--><a href=\"https:\/\/www.bau-styl.hu\/furdoszobaszalon\/wp-content\/uploads\/2025\/03\/NovaBell-Atelier-3.jpg\" data-srcset=\"https:\/\/www.bau-styl.hu\/furdoszobaszalon\/wp-content\/uploads\/2025\/03\/NovaBell-Atelier-3.jpg 1000w, https:\/\/www.bau-styl.hu\/furdoszobaszalon\/wp-content\/uploads\/2025\/03\/NovaBell-Atelier-3-200x300.jpg 200w, https:\/\/www.bau-styl.hu\/furdoszobaszalon\/wp-content\/uploads\/2025\/03\/NovaBell-Atelier-3-687x1030.jpg 687w, https:\/\/www.bau-styl.hu\/furdoszobaszalon\/wp-content\/uploads\/2025\/03\/NovaBell-Atelier-3-768x1152.jpg 768w, https:\/\/www.bau-styl.hu\/furdoszobaszalon\/wp-content\/uploads\/2025\/03\/NovaBell-Atelier-3-470x705.jpg 470w\" data-sizes=\"(max-width: 1000px) 100vw, 1000px\"  aria-label=\"image NovaBell Atelier (3)\"  id='av-masonry-1-item-47622' data-av-masonry-item='47622' class='av-masonry-entry isotope-item post-47622 attachment type-attachment status-inherit hentry  av-masonry-item-with-image' title=\"NovaBell Atelier (3)\" alt=\"\"    itemprop=\"thumbnailUrl\" ><div class='av-inner-masonry-sizer'><\/div><figure class='av-inner-masonry main_color'><div class=\"av-masonry-outerimage-container\"><div class='av-masonry-image-container' style=\"background-image: url(https:\/\/www.bau-styl.hu\/furdoszobaszalon\/wp-content\/uploads\/2025\/03\/NovaBell-Atelier-3-495x400.jpg);\"  title=\"NovaBell Atelier (3)\" ><\/div><\/div><\/figure><\/a><!--end av-masonry entry--><a href=\"https:\/\/www.bau-styl.hu\/furdoszobaszalon\/wp-content\/uploads\/2025\/03\/NovaBell-Atelier-5.jpg\" data-srcset=\"https:\/\/www.bau-styl.hu\/furdoszobaszalon\/wp-content\/uploads\/2025\/03\/NovaBell-Atelier-5.jpg 1000w, https:\/\/www.bau-styl.hu\/furdoszobaszalon\/wp-content\/uploads\/2025\/03\/NovaBell-Atelier-5-200x300.jpg 200w, https:\/\/www.bau-styl.hu\/furdoszobaszalon\/wp-content\/uploads\/2025\/03\/NovaBell-Atelier-5-687x1030.jpg 687w, https:\/\/www.bau-styl.hu\/furdoszobaszalon\/wp-content\/uploads\/2025\/03\/NovaBell-Atelier-5-768x1152.jpg 768w, https:\/\/www.bau-styl.hu\/furdoszobaszalon\/wp-content\/uploads\/2025\/03\/NovaBell-Atelier-5-470x705.jpg 470w\" data-sizes=\"(max-width: 1000px) 100vw, 1000px\"  aria-label=\"image NovaBell Atelier (5)\"  id='av-masonry-1-item-47623' data-av-masonry-item='47623' class='av-masonry-entry isotope-item post-47623 attachment type-attachment status-inherit hentry  av-masonry-item-with-image' title=\"NovaBell Atelier (5)\" alt=\"\"    itemprop=\"thumbnailUrl\" ><div class='av-inner-masonry-sizer'><\/div><figure class='av-inner-masonry main_color'><div class=\"av-masonry-outerimage-container\"><div class='av-masonry-image-container' style=\"background-image: url(https:\/\/www.bau-styl.hu\/furdoszobaszalon\/wp-content\/uploads\/2025\/03\/NovaBell-Atelier-5-495x400.jpg);\"  title=\"NovaBell Atelier (5)\" ><\/div><\/div><\/figure><\/a><!--end av-masonry entry--><\/div><\/div>\n\n<\/div><\/div><\/div><!-- close content main div --><\/div><\/div>\n<style type=\"text\/css\" data-created_by=\"avia_inline_auto\" id=\"style-css-av-m8wvibuj-af16f70b5f227e8bac77f7d252e6b922\">\n.avia-section.av-m8wvibuj-af16f70b5f227e8bac77f7d252e6b922{\nbackground-repeat:no-repeat;\nbackground-image:url(https:\/\/www.bau-styl.hu\/furdoszobaszalon\/wp-content\/uploads\/2025\/03\/NovaBell-Atelier-4.jpg);\nbackground-position:50% 50%;\nbackground-attachment:scroll;\n}\n.avia-section.av-m8wvibuj-af16f70b5f227e8bac77f7d252e6b922 .av-section-color-overlay{\nopacity:0.5;\nbackground-color:#000000;\n}\n<\/style>\n<div id='av_section_3'  class='avia-section av-m8wvibuj-af16f70b5f227e8bac77f7d252e6b922 main_color avia-section-default avia-no-shadow  avia-builder-el-10  el_after_av_section  avia-builder-el-last  avia-full-stretch avia-bg-style-scroll av-section-color-overlay-active container_wrap sidebar_right'  data-section-bg-repeat='stretch'><div class=\"av-section-color-overlay-wrap\"><div class=\"av-section-color-overlay\"><\/div><div class='container av-section-cont-open' ><div class='template-page content  av-content-small alpha units'><div class='post-entry post-entry-type-page post-entry-47615'><div class='entry-content-wrapper clearfix'>\n\n<style type=\"text\/css\" data-created_by=\"avia_inline_auto\" id=\"style-css-av-j7yzzz-1e5a21071c9faf2ed355f2e4dd22f31b\">\n#top .hr.hr-invisible.av-j7yzzz-1e5a21071c9faf2ed355f2e4dd22f31b{\nheight:50px;\n}\n<\/style>\n<div  class='hr av-j7yzzz-1e5a21071c9faf2ed355f2e4dd22f31b hr-invisible  avia-builder-el-11  el_before_av_one_fifth  avia-builder-el-first '><span class='hr-inner '><span class=\"hr-inner-style\"><\/span><\/span><\/div>\n\n<style type=\"text\/css\" data-created_by=\"avia_inline_auto\" id=\"style-css-av-4xmvs7z-149d4d13aa6089ee9b16b880e25c37c0\">\n.flex_column.av-4xmvs7z-149d4d13aa6089ee9b16b880e25c37c0{\nborder-radius:0px 0px 0px 0px;\npadding:0px 0px 0px 0px;\n}\n<\/style>\n<div  class='flex_column av-4xmvs7z-149d4d13aa6089ee9b16b880e25c37c0 av_one_fifth  avia-builder-el-12  el_after_av_hr  el_before_av_three_fifth  first flex_column_div av-zero-column-padding  '     ><\/div>\n<style type=\"text\/css\" data-created_by=\"avia_inline_auto\" id=\"style-css-av-4eanhen-d4fdd664444f378b22a8a11d02f1adc2\">\n.flex_column.av-4eanhen-d4fdd664444f378b22a8a11d02f1adc2{\nborder-radius:0px 0px 0px 0px;\npadding:30px 30px 30px 30px;\nbackground-color:rgba(35,35,35,0.57);\n}\n<\/style>\n<div  id=\"ajanlat\"  class='flex_column av-4eanhen-d4fdd664444f378b22a8a11d02f1adc2 av_three_fifth  avia-builder-el-13  el_after_av_one_fifth  el_before_av_one_fifth  flex_column_div  '     ><style type=\"text\/css\" data-created_by=\"avia_inline_auto\" id=\"style-css-av-3xa2l33-adcbf17e30d44e58efd9a4d9c437e1fc\">\n#top .av_textblock_section.av-3xa2l33-adcbf17e30d44e58efd9a4d9c437e1fc .avia_textblock{\nfont-size:16px;\ncolor:#ffffff;\n}\n<\/style>\n<section  class='av_textblock_section av-3xa2l33-adcbf17e30d44e58efd9a4d9c437e1fc '   itemscope=\"itemscope\" itemtype=\"https:\/\/schema.org\/CreativeWork\" ><div class='avia_textblock av_inherit_color'  itemprop=\"text\" ><p style=\"text-align: center;\"><strong>Ha elnyerte tetsz\u00e9s\u00e9t ez a kollekci\u00f3, forduljon hozz\u00e1nk bizalommal!<\/strong><\/p>\n<p style=\"text-align: center;\"><strong>Adja meg el\u00e9rhet\u0151s\u00e9g\u00e9t \u00e9s munkat\u00e1rsaink hamarosan felveszik \u00d6nnel a kapcsolatot!\u00a0<\/strong><\/p>\n<\/div><\/section><br \/>\n<form action=\"https:\/\/www.bau-styl.hu\/furdoszobaszalon\/novabell-atelier\/\" method=\"post\" data-fields-with-error=\"Found errors in the following field(s):\" class=\"avia_ajax_form av-form-labels-hidden   avia-builder-el-15  el_after_av_textblock  avia-builder-el-last  av-custom-form-color av-light-form \" data-avia-form-id=\"1\" data-avia-redirect='https:\/\/www.bau-styl.hu\/furdoszobaszalon\/koszonjuk-erdeklodeset\/' ><fieldset><p class='  first_form  form_element form_element_third' id='element_avia_1_1'><label for=\"avia_1_1\">N\u00e9v <abbr class=\"required\" title=\"required\">*<\/abbr><\/label> <input name=\"avia_1_1\" class=\"text_input is_empty\" type=\"text\" id=\"avia_1_1\" value=\"\"  placeholder='N\u00e9v*'\/><\/p><p class='  form_element form_element_third' id='element_avia_2_1'><label for=\"avia_2_1\">E-Mail c\u00edm <abbr class=\"required\" title=\"required\">*<\/abbr><\/label> <input name=\"avia_2_1\" class=\"text_input is_email\" type=\"text\" id=\"avia_2_1\" value=\"\"  placeholder='E-Mail c\u00edm*'\/><\/p><p class='  form_element form_element_third' id='element_avia_3_1'><label for=\"avia_3_1\">Telefonsz\u00e1m <abbr class=\"required\" title=\"required\">*<\/abbr><\/label> <input name=\"avia_3_1\" class=\"text_input is_phone\" type=\"text\" id=\"avia_3_1\" value=\"\"  placeholder='Telefonsz\u00e1m*'\/><\/p><p class='  first_form  form_element form_fullwidth' id='element_avia_4_1'><label for=\"avia_4_1\">C\u00edm <abbr class=\"required\" title=\"required\">*<\/abbr><\/label> <input name=\"avia_4_1\" class=\"text_input is_empty\" type=\"text\" id=\"avia_4_1\" value=\"\"  placeholder='C\u00edm*'\/><\/p><p class='  first_form  form_element form_fullwidth' id='element_avia_5_1'><label for=\"avia_5_1\" class=\"textare_label hidden textare_label_avia_5_1\">Megjegyz\u00e9s<\/label><textarea  placeholder='Megjegyz\u00e9s' name=\"avia_5_1\" class=\"text_area \" cols=\"40\" rows=\"7\" id=\"avia_5_1\" ><\/textarea><\/p><p class=\"hidden\"><input type=\"text\" name=\"avia_6_1\" class=\"hidden \" id=\"avia_6_1\" value=\"\" \/><\/p><p class=' av_form_privacy_check av_contact_privacy_check first_form  form_element form_fullwidth' id='element_avia_7_1'><input  name=\"avia_7_1\" class=\"input_checkbox is_empty\" type=\"checkbox\" id=\"avia_7_1\" value=\"true\"\/><label class=\"input_checkbox_label\" for=\"avia_7_1\">Elfogadom az adatkezel\u00e9si nyilatkozatot <abbr class=\"required\" title=\"required\">*<\/abbr><\/label><\/p><p class=\"form_element \"><input type=\"hidden\" value=\"1\" name=\"avia_generated_form1\" \/><input type=\"submit\" value=\"K\u00fcld\u00e9s\" class=\"button\"  data-sending-label=\"K\u00fcld\u00e9s\"\/><\/p><\/fieldset><\/form><div id=\"ajaxresponse_1\" class=\"ajaxresponse ajaxresponse_1 hidden\"><\/div><\/p><\/div>\n<style type=\"text\/css\" data-created_by=\"avia_inline_auto\" id=\"style-css-av-zpsqrj-afb2e810a630322140d1066d2c4d00bb\">\n.flex_column.av-zpsqrj-afb2e810a630322140d1066d2c4d00bb{\nborder-radius:0px 0px 0px 0px;\npadding:0px 0px 0px 0px;\n}\n<\/style>\n<div  class='flex_column av-zpsqrj-afb2e810a630322140d1066d2c4d00bb av_one_fifth  avia-builder-el-16  el_after_av_three_fifth  el_before_av_hr  flex_column_div av-zero-column-padding  '     ><\/div>\n<style type=\"text\/css\" data-created_by=\"avia_inline_auto\" id=\"style-css-av-m68vhb-79fd4ab5419075bb4a0419ed6c79e1e7\">\n#top .hr.hr-invisible.av-m68vhb-79fd4ab5419075bb4a0419ed6c79e1e7{\nheight:50px;\n}\n<\/style>\n<div  class='hr av-m68vhb-79fd4ab5419075bb4a0419ed6c79e1e7 hr-invisible  avia-builder-el-17  el_after_av_one_fifth  avia-builder-el-last '><span class='hr-inner '><span class=\"hr-inner-style\"><\/span><\/span><\/div>\n<\/div><\/div><\/div><!-- close content main div --><\/div><\/div><\/div><div id='after_section_3'  class='main_color av_default_container_wrap container_wrap sidebar_right'  ><div class='container av-section-cont-open' ><div class='template-page content  av-content-small alpha units'><div class='post-entry post-entry-type-page post-entry-47615'><div class='entry-content-wrapper clearfix'>\n","protected":false},"excerpt":{"rendered":"","protected":false},"author":2,"featured_media":0,"parent":0,"menu_order":0,"comment_status":"closed","ping_status":"closed","template":"","meta":{"footnotes":""},"class_list":["post-47615","page","type-page","status-publish","hentry"],"aioseo_notices":[],"_links":{"self":[{"href":"https:\/\/www.bau-styl.hu\/furdoszobaszalon\/wp-json\/wp\/v2\/pages\/47615","targetHints":{"allow":["GET"]}}],"collection":[{"href":"https:\/\/www.bau-styl.hu\/furdoszobaszalon\/wp-json\/wp\/v2\/pages"}],"about":[{"href":"https:\/\/www.bau-styl.hu\/furdoszobaszalon\/wp-json\/wp\/v2\/types\/page"}],"author":[{"embeddable":true,"href":"https:\/\/www.bau-styl.hu\/furdoszobaszalon\/wp-json\/wp\/v2\/users\/2"}],"replies":[{"embeddable":true,"href":"https:\/\/www.bau-styl.hu\/furdoszobaszalon\/wp-json\/wp\/v2\/comments?post=47615"}],"version-history":[{"count":0,"href":"https:\/\/www.bau-styl.hu\/furdoszobaszalon\/wp-json\/wp\/v2\/pages\/47615\/revisions"}],"wp:attachment":[{"href":"https:\/\/www.bau-styl.hu\/furdoszobaszalon\/wp-json\/wp\/v2\/media?parent=47615"}],"curies":[{"name":"wp","href":"https:\/\/api.w.org\/{rel}","templated":true}]}}