{"id":7679,"date":"2016-10-17T09:40:43","date_gmt":"2016-10-17T08:40:43","guid":{"rendered":"https:\/\/www.bau-styl.hu\/furdoszobaszalon\/?page_id=7679"},"modified":"2022-10-19T18:00:10","modified_gmt":"2022-10-19T17:00:10","slug":"grohe-sensia","status":"publish","type":"page","link":"https:\/\/www.bau-styl.hu\/furdoszobaszalon\/grohe-sensia\/","title":{"rendered":"Grohe Sensia"},"content":{"rendered":"\n<style type=\"text\/css\" data-created_by=\"avia_inline_auto\" id=\"style-css-av-11n4o7j-3642c4a14e454a55117df7af19c32d61\">\n.avia-section.av-11n4o7j-3642c4a14e454a55117df7af19c32d61{\nbackground-repeat:no-repeat;\nbackground-image:url(https:\/\/www.bau-styl.hu\/furdoszobaszalon\/wp-content\/uploads\/2016\/10\/Grohe-Sensia.jpg);\nbackground-position:50% 50%;\nbackground-attachment:scroll;\n}\n.avia-section.av-11n4o7j-3642c4a14e454a55117df7af19c32d61 .av-section-color-overlay{\nopacity:0.5;\nbackground-color:#000000;\n}\n<\/style>\n<div id='av_section_1'  class='avia-section av-11n4o7j-3642c4a14e454a55117df7af19c32d61 main_color avia-section-default avia-no-shadow  avia-builder-el-0  el_before_av_section  avia-builder-el-first  avia-full-stretch avia-bg-style-scroll av-section-color-overlay-active container_wrap sidebar_right'  data-section-bg-repeat='stretch'><div class=\"av-section-color-overlay-wrap\"><div class=\"av-section-color-overlay\"><\/div><div class='container av-section-cont-open' ><main  role=\"main\" itemprop=\"mainContentOfPage\"  class='template-page content  av-content-small alpha units'><div class='post-entry post-entry-type-page post-entry-7679'><div class='entry-content-wrapper clearfix'>\n\n<style type=\"text\/css\" data-created_by=\"avia_inline_auto\" id=\"style-css-av-z3sckv-9104271574762f633f54977616bc716d\">\n#top .hr.hr-invisible.av-z3sckv-9104271574762f633f54977616bc716d{\nheight:50px;\n}\n<\/style>\n<div  class='hr av-z3sckv-9104271574762f633f54977616bc716d hr-invisible  avia-builder-el-1  el_before_av_heading  avia-builder-el-first '><span class='hr-inner '><span class=\"hr-inner-style\"><\/span><\/span><\/div>\n\n<style type=\"text\/css\" data-created_by=\"avia_inline_auto\" id=\"style-css-av-l9fvq9m4-aaefe59e784487634f25669ba7f1c468\">\n#top .av-special-heading.av-l9fvq9m4-aaefe59e784487634f25669ba7f1c468{\npadding-bottom:10px;\ncolor:#ffffff;\n}\nbody .av-special-heading.av-l9fvq9m4-aaefe59e784487634f25669ba7f1c468 .av-special-heading-tag .heading-char{\nfont-size:25px;\n}\n.av-special-heading.av-l9fvq9m4-aaefe59e784487634f25669ba7f1c468 .special-heading-inner-border{\nborder-color:#ffffff;\n}\n.av-special-heading.av-l9fvq9m4-aaefe59e784487634f25669ba7f1c468 .av-subheading{\nfont-size:15px;\n}\n<\/style>\n<div  class='av-special-heading av-l9fvq9m4-aaefe59e784487634f25669ba7f1c468 av-special-heading-h1 custom-color-heading blockquote modern-quote modern-centered  avia-builder-el-2  el_after_av_hr  el_before_av_hr '><h1 class='av-special-heading-tag '  itemprop=\"headline\"  >SENSIA<\/h1><div class='av_custom_color av-subheading av-subheading_below'><p>GROHE<\/p>\n<\/div><div class=\"special-heading-border\"><div class=\"special-heading-inner-border\"><\/div><\/div><\/div>\n\n<style type=\"text\/css\" data-created_by=\"avia_inline_auto\" id=\"style-css-av-wmu6sv-e500f2371a532f2d2928f4c87cf6bf11\">\n#top .hr.hr-invisible.av-wmu6sv-e500f2371a532f2d2928f4c87cf6bf11{\nheight:50px;\n}\n<\/style>\n<div  class='hr av-wmu6sv-e500f2371a532f2d2928f4c87cf6bf11 hr-invisible  avia-builder-el-3  el_after_av_heading  avia-builder-el-last '><span class='hr-inner '><span class=\"hr-inner-style\"><\/span><\/span><\/div>\n<\/div><\/div><\/main><!-- close content main element --><\/div><\/div><\/div><div id='av_section_2'  class='avia-section av-33sq6n-6037ac9af6c0395510d0da0c6bc191e1 main_color avia-section-default avia-no-shadow  avia-builder-el-4  el_after_av_section  el_before_av_section  avia-bg-style-scroll container_wrap sidebar_right'  ><div class='container av-section-cont-open' ><div class='template-page content  av-content-small alpha units'><div class='post-entry post-entry-type-page post-entry-7679'><div class='entry-content-wrapper clearfix'>\n<section  class='av_textblock_section av-sbbjvj-ba12271e820e6692c92264953ff03863 '   itemscope=\"itemscope\" itemtype=\"https:\/\/schema.org\/CreativeWork\" ><div class='avia_textblock'  itemprop=\"text\" ><p style=\"text-align: justify;\">\u00daj gener\u00e1ci\u00f3s zuhany WC, mely a k\u00e9nyelmet \u00e9s a higi\u00e9ni\u00e1t \u00faj dimenzi\u00f3ba helyezi.\u00a0 A tervez\u0151k az eszt\u00e9tikus megjelen\u00e9s mellett a komfortra is nagy figyelmet ford\u00edtottak. A puha \u00fcl\u0151k\u00e9hez ker\u00e1mia WC test \u00e9s f\u00e9m vez\u00e9rl\u0151 p\u00e1rosul. A Sensia a kifinomult innov\u00e1ci\u00f3 t\u00f6k\u00e9letes p\u00e9ld\u00e1ja. Tervez\u00e9sekor a legapr\u00f3bb r\u00e9szleteket is figyelembe vett\u00e9k. Nem csak integr\u00e1lt szagelsz\u00edv\u00f3, hanem egy <a href=\"https:\/\/www.bau-styl.hu\/furdoszobaszalon\/index.php\/2016\/10\/17\/a-grohe-egyedulallo-technologiai\/\">GroheDigital<\/a> \u00e9rint\u0151k\u00e9perny\u0151s t\u00e1vir\u00e1ny\u00edt\u00f3 is tartozik a term\u00e9khez, melynek seg\u00edts\u00e9g\u00e9vel n\u00e9gy egyedi profilt \u00e1ll\u00edthatunk be v\u00edzh\u0151m\u00e9rs\u00e9klettel, er\u0151ss\u00e9ggel. A rendszer automatikus felhaszn\u00e1l\u00f3 felismer\u00e9st is tartalmaz, mely az optim\u00e1lis testhelyzet felv\u00e9tel\u00e9vel aktiviz\u00e1l\u00f3dik.<\/p>\n<\/div><\/section>\n<section  class='av_textblock_section av-pd983y-b1fa89478f6804fa4b17eb2c905af87b '   itemscope=\"itemscope\" itemtype=\"https:\/\/schema.org\/CreativeWork\" ><div class='avia_textblock'  itemprop=\"text\" ><p style=\"text-align: right;\"><mark><strong><a href=\"#ajanlat\">Aj\u00e1nlatot k\u00e9rek!<\/a><\/strong><\/mark><\/p>\n<\/div><\/section>\n\n<style type=\"text\/css\" data-created_by=\"avia_inline_auto\" id=\"style-css-av-rbnh0v-1f5964b088a053f3b55faf3a6dc1f398\">\n#top .hr.hr-invisible.av-rbnh0v-1f5964b088a053f3b55faf3a6dc1f398{\nheight:50px;\n}\n<\/style>\n<div  class='hr av-rbnh0v-1f5964b088a053f3b55faf3a6dc1f398 hr-invisible  avia-builder-el-7  el_after_av_textblock  el_before_av_gallery '><span class='hr-inner '><span class=\"hr-inner-style\"><\/span><\/span><\/div>\n\n<style type=\"text\/css\" data-created_by=\"avia_inline_auto\" id=\"style-css-av-2mq89r-976e0c9b53ee1312bbbc053e9bcbcc15\">\n#top .avia-gallery.av-2mq89r-976e0c9b53ee1312bbbc053e9bcbcc15 .avia-gallery-thumb a{\nwidth:20%;\n}\n<\/style>\n<div  class='avia-gallery av-2mq89r-976e0c9b53ee1312bbbc053e9bcbcc15 avia_animate_when_visible  avia-builder-el-8  el_after_av_hr  el_before_av_hr  deactivate_avia_lazyload avia-gallery-animate avia-gallery-1'  itemprop=\"image\" itemscope=\"itemscope\" itemtype=\"https:\/\/schema.org\/ImageObject\" ><meta itemprop=\"contentURL\" content=\"https:\/\/www.bau-styl.hu\/furdoszobaszalon\/grohe-sensia\/\"><div class='avia-gallery-thumb'><a href=\"https:\/\/www.bau-styl.hu\/furdoszobaszalon\/wp-content\/uploads\/2016\/10\/Grohe-Sensia-1030x579.jpg\" data-srcset=\"https:\/\/www.bau-styl.hu\/furdoszobaszalon\/wp-content\/uploads\/2016\/10\/Grohe-Sensia-1030x579.jpg 1030w, https:\/\/www.bau-styl.hu\/furdoszobaszalon\/wp-content\/uploads\/2016\/10\/Grohe-Sensia-300x169.jpg 300w, https:\/\/www.bau-styl.hu\/furdoszobaszalon\/wp-content\/uploads\/2016\/10\/Grohe-Sensia-768x432.jpg 768w, https:\/\/www.bau-styl.hu\/furdoszobaszalon\/wp-content\/uploads\/2016\/10\/Grohe-Sensia-705x397.jpg 705w, https:\/\/www.bau-styl.hu\/furdoszobaszalon\/wp-content\/uploads\/2016\/10\/Grohe-Sensia-450x253.jpg 450w, https:\/\/www.bau-styl.hu\/furdoszobaszalon\/wp-content\/uploads\/2016\/10\/Grohe-Sensia.jpg 1280w\" data-sizes=\"(max-width: 1030px) 100vw, 1030px\" data-rel='gallery-1' data-prev-img='https:\/\/www.bau-styl.hu\/furdoszobaszalon\/wp-content\/uploads\/2016\/10\/Grohe-Sensia-495x400.jpg' class='first_thumb lightbox ' data-onclick='1' title='Grohe Sensia'  itemprop=\"thumbnailUrl\"  ><img decoding=\"async\" fetchpriority=\"high\" class=\"wp-image-7680 avia-img-lazy-loading-not-7680\"   src=\"https:\/\/www.bau-styl.hu\/furdoszobaszalon\/wp-content\/uploads\/2016\/10\/Grohe-Sensia-495x400.jpg\" width=\"495\" height=\"400\"  title='Grohe Sensia' alt='Grohe Sensia' srcset=\"https:\/\/www.bau-styl.hu\/furdoszobaszalon\/wp-content\/uploads\/2016\/10\/Grohe-Sensia-495x400.jpg 495w, https:\/\/www.bau-styl.hu\/furdoszobaszalon\/wp-content\/uploads\/2016\/10\/Grohe-Sensia-845x684.jpg 845w\" sizes=\"(max-width: 495px) 100vw, 495px\" \/><div class='big-prev-fake'><img decoding=\"async\" loading=\"lazy\" class=\"wp-image-7680 avia-img-lazy-loading-7680\"  width=\"495\" height=\"400\" src=\"https:\/\/www.bau-styl.hu\/furdoszobaszalon\/wp-content\/uploads\/2016\/10\/Grohe-Sensia-495x400.jpg\" title='Grohe Sensia' alt='Grohe Sensia' srcset=\"https:\/\/www.bau-styl.hu\/furdoszobaszalon\/wp-content\/uploads\/2016\/10\/Grohe-Sensia-495x400.jpg 495w, https:\/\/www.bau-styl.hu\/furdoszobaszalon\/wp-content\/uploads\/2016\/10\/Grohe-Sensia-845x684.jpg 845w\" sizes=\"auto, (max-width: 495px) 100vw, 495px\" \/><\/div><\/a><a href=\"https:\/\/www.bau-styl.hu\/furdoszobaszalon\/wp-content\/uploads\/2016\/10\/Grohe-sensia-2.jpg\" data-srcset=\"https:\/\/www.bau-styl.hu\/furdoszobaszalon\/wp-content\/uploads\/2016\/10\/Grohe-sensia-2.jpg 470w, https:\/\/www.bau-styl.hu\/furdoszobaszalon\/wp-content\/uploads\/2016\/10\/Grohe-sensia-2-300x232.jpg 300w, https:\/\/www.bau-styl.hu\/furdoszobaszalon\/wp-content\/uploads\/2016\/10\/Grohe-sensia-2-450x349.jpg 450w\" data-sizes=\"(max-width: 470px) 100vw, 470px\" data-rel='gallery-1' data-prev-img='https:\/\/www.bau-styl.hu\/furdoszobaszalon\/wp-content\/uploads\/2016\/10\/Grohe-sensia-2.jpg' class='lightbox ' data-onclick='2' title='Grohe Sensia'  itemprop=\"thumbnailUrl\"  ><img decoding=\"async\" fetchpriority=\"high\" class=\"wp-image-7682 avia-img-lazy-loading-not-7682\"   src=\"https:\/\/www.bau-styl.hu\/furdoszobaszalon\/wp-content\/uploads\/2016\/10\/Grohe-sensia-2.jpg\" width=\"470\" height=\"364\"  title='Grohe Sensia' alt='Grohe Sensia' srcset=\"https:\/\/www.bau-styl.hu\/furdoszobaszalon\/wp-content\/uploads\/2016\/10\/Grohe-sensia-2.jpg 470w, https:\/\/www.bau-styl.hu\/furdoszobaszalon\/wp-content\/uploads\/2016\/10\/Grohe-sensia-2-300x232.jpg 300w, https:\/\/www.bau-styl.hu\/furdoszobaszalon\/wp-content\/uploads\/2016\/10\/Grohe-sensia-2-450x349.jpg 450w\" sizes=\"(max-width: 470px) 100vw, 470px\" \/><div class='big-prev-fake'><img decoding=\"async\" loading=\"lazy\" class=\"wp-image-7682 avia-img-lazy-loading-7682\"  width=\"470\" height=\"364\" src=\"https:\/\/www.bau-styl.hu\/furdoszobaszalon\/wp-content\/uploads\/2016\/10\/Grohe-sensia-2.jpg\" title='Grohe Sensia' alt='Grohe Sensia' srcset=\"https:\/\/www.bau-styl.hu\/furdoszobaszalon\/wp-content\/uploads\/2016\/10\/Grohe-sensia-2.jpg 470w, https:\/\/www.bau-styl.hu\/furdoszobaszalon\/wp-content\/uploads\/2016\/10\/Grohe-sensia-2-300x232.jpg 300w, https:\/\/www.bau-styl.hu\/furdoszobaszalon\/wp-content\/uploads\/2016\/10\/Grohe-sensia-2-450x349.jpg 450w\" sizes=\"auto, (max-width: 470px) 100vw, 470px\" \/><\/div><\/a><\/div><\/div>\n\n<style type=\"text\/css\" data-created_by=\"avia_inline_auto\" id=\"style-css-av-2g3w0v-e0da6032c9f1adb6319178bbac8a9c8c\">\n#top .hr.hr-invisible.av-2g3w0v-e0da6032c9f1adb6319178bbac8a9c8c{\nheight:50px;\n}\n<\/style>\n<div  class='hr av-2g3w0v-e0da6032c9f1adb6319178bbac8a9c8c hr-invisible  avia-builder-el-9  el_after_av_gallery  el_before_av_one_full '><span class='hr-inner '><span class=\"hr-inner-style\"><\/span><\/span><\/div>\n\n<style type=\"text\/css\" data-created_by=\"avia_inline_auto\" id=\"style-css-av-tetkvb-3ef41c2f1f640cd589dee9b33c83cf85\">\n.flex_column.av-tetkvb-3ef41c2f1f640cd589dee9b33c83cf85{\nborder-radius:0px 0px 0px 0px;\npadding:0px 0px 0px 0px;\n}\n<\/style>\n<div  class='flex_column av-tetkvb-3ef41c2f1f640cd589dee9b33c83cf85 av_one_full  avia-builder-el-10  el_after_av_hr  avia-builder-el-last  first flex_column_div av-zero-column-padding  '     ><section  class='av_textblock_section av-k6tfxpen-742ec54894f8b28555c7357493501403 '   itemscope=\"itemscope\" itemtype=\"https:\/\/schema.org\/CreativeWork\" ><div class='avia_textblock'  itemprop=\"text\" ><p style=\"text-align: right;\"><a href=\"https:\/\/www.bau-styl.hu\/furdoszobaszalon\/index.php\/grohe\/\">Vissza minden Grohe kollekci\u00f3hoz<\/a><\/p>\n<\/div><\/section><\/div>\n<\/p>\n<\/div><\/div><\/div><!-- close content main div --><\/div><\/div>\n<style type=\"text\/css\" data-created_by=\"avia_inline_auto\" id=\"style-css-av-m7gllr-ff47caea0670d812d12886ba790cbfc3\">\n.avia-section.av-m7gllr-ff47caea0670d812d12886ba790cbfc3{\nbackground-repeat:no-repeat;\nbackground-image:url(https:\/\/www.bau-styl.hu\/furdoszobaszalon\/wp-content\/uploads\/2016\/10\/Grohe-Sensia.jpg);\nbackground-position:50% 50%;\nbackground-attachment:scroll;\n}\n.avia-section.av-m7gllr-ff47caea0670d812d12886ba790cbfc3 .av-section-color-overlay{\nopacity:0.5;\nbackground-color:#000000;\n}\n<\/style>\n<div id='ajanlat'  class='avia-section av-m7gllr-ff47caea0670d812d12886ba790cbfc3 main_color avia-section-default avia-no-shadow  avia-builder-el-12  el_after_av_section  avia-builder-el-last  avia-full-stretch avia-bg-style-scroll av-section-color-overlay-active container_wrap sidebar_right'  data-section-bg-repeat='stretch'><div class=\"av-section-color-overlay-wrap\"><div class=\"av-section-color-overlay\"><\/div><div class='container av-section-cont-open' ><div class='template-page content  av-content-small alpha units'><div class='post-entry post-entry-type-page post-entry-7679'><div class='entry-content-wrapper clearfix'>\n\n<style type=\"text\/css\" data-created_by=\"avia_inline_auto\" id=\"style-css-av-l0nbhr-79ad7d836de4bc3644cea66057c9b452\">\n#top .hr.hr-invisible.av-l0nbhr-79ad7d836de4bc3644cea66057c9b452{\nheight:50px;\n}\n<\/style>\n<div  class='hr av-l0nbhr-79ad7d836de4bc3644cea66057c9b452 hr-invisible  avia-builder-el-13  el_before_av_one_fifth  avia-builder-el-first '><span class='hr-inner '><span class=\"hr-inner-style\"><\/span><\/span><\/div>\n\n<style type=\"text\/css\" data-created_by=\"avia_inline_auto\" id=\"style-css-av-j7ui0f-91912cfb70714695f186cac1de6ba479\">\n.flex_column.av-j7ui0f-91912cfb70714695f186cac1de6ba479{\nborder-radius:0px 0px 0px 0px;\npadding:0px 0px 0px 0px;\n}\n<\/style>\n<div  class='flex_column av-j7ui0f-91912cfb70714695f186cac1de6ba479 av_one_fifth  avia-builder-el-14  el_after_av_hr  el_before_av_three_fifth  first flex_column_div av-zero-column-padding  '     ><\/div>\n<style type=\"text\/css\" data-created_by=\"avia_inline_auto\" id=\"style-css-av-h1tn6n-dbfb5a46042dcb5414611bb285b48ee8\">\n.flex_column.av-h1tn6n-dbfb5a46042dcb5414611bb285b48ee8{\nborder-radius:0px 0px 0px 0px;\npadding:0px 0px 0px 0px;\n}\n<\/style>\n<div  class='flex_column av-h1tn6n-dbfb5a46042dcb5414611bb285b48ee8 av_three_fifth  avia-builder-el-15  el_after_av_one_fifth  el_before_av_one_fifth  flex_column_div av-zero-column-padding  '     ><style type=\"text\/css\" data-created_by=\"avia_inline_auto\" id=\"style-css-av-1i96kf-dd635750c7f7057db507cb6f083bf908\">\n#top .av_textblock_section.av-1i96kf-dd635750c7f7057db507cb6f083bf908 .avia_textblock{\nfont-size:16px;\ncolor:#ffffff;\n}\n<\/style>\n<section  class='av_textblock_section av-1i96kf-dd635750c7f7057db507cb6f083bf908 '   itemscope=\"itemscope\" itemtype=\"https:\/\/schema.org\/CreativeWork\" ><div class='avia_textblock av_inherit_color'  itemprop=\"text\" ><p style=\"text-align: center;\"><strong>Ha elnyerte tetsz\u00e9s\u00e9t ez a kollekci\u00f3, forduljon hozz\u00e1nk bizalommal!<\/strong><\/p>\n<p style=\"text-align: center;\"><strong>Adja meg el\u00e9rhet\u0151s\u00e9g\u00e9t \u00e9s munkat\u00e1rsaink hamarosan felveszik \u00d6nnel a kapcsolatot!\u00a0<\/strong><\/p>\n<\/div><\/section><br \/>\n<form action=\"https:\/\/www.bau-styl.hu\/furdoszobaszalon\/grohe-sensia\/\" method=\"post\" data-fields-with-error=\"Found errors in the following field(s):\" class=\"avia_ajax_form av-form-labels-hidden   avia-builder-el-17  el_after_av_textblock  avia-builder-el-last  av-custom-form-color av-light-form \" data-avia-form-id=\"1\" data-avia-redirect='https:\/\/www.bau-styl.hu\/furdoszobaszalon\/koszonjuk-erdeklodeset\/' ><fieldset><p class='  first_form  form_element form_element_third' id='element_avia_1_1'><label for=\"avia_1_1\">N\u00e9v <abbr class=\"required\" title=\"required\">*<\/abbr><\/label> <input name=\"avia_1_1\" class=\"text_input is_empty\" type=\"text\" id=\"avia_1_1\" value=\"\"  placeholder='N\u00e9v*'\/><\/p><p class='  form_element form_element_third' id='element_avia_2_1'><label for=\"avia_2_1\">E-Mail c\u00edm <abbr class=\"required\" title=\"required\">*<\/abbr><\/label> <input name=\"avia_2_1\" class=\"text_input is_email\" type=\"text\" id=\"avia_2_1\" value=\"\"  placeholder='E-Mail c\u00edm*'\/><\/p><p class='  form_element form_element_third' id='element_avia_3_1'><label for=\"avia_3_1\">Telefonsz\u00e1m <abbr class=\"required\" title=\"required\">*<\/abbr><\/label> <input name=\"avia_3_1\" class=\"text_input is_phone\" type=\"text\" id=\"avia_3_1\" value=\"\"  placeholder='Telefonsz\u00e1m*'\/><\/p><p class='  first_form  form_element form_fullwidth' id='element_avia_4_1'><label for=\"avia_4_1\">C\u00edm <abbr class=\"required\" title=\"required\">*<\/abbr><\/label> <input name=\"avia_4_1\" class=\"text_input is_empty\" type=\"text\" id=\"avia_4_1\" value=\"\"  placeholder='C\u00edm*'\/><\/p><p class='  first_form  form_element form_fullwidth' id='element_avia_5_1'><label for=\"avia_5_1\" class=\"textare_label hidden textare_label_avia_5_1\">Megjegyz\u00e9s<\/label><textarea  placeholder='Megjegyz\u00e9s' name=\"avia_5_1\" class=\"text_area \" cols=\"40\" rows=\"7\" id=\"avia_5_1\" ><\/textarea><\/p><p class=\"hidden\"><input type=\"text\" name=\"avia_6_1\" class=\"hidden \" id=\"avia_6_1\" value=\"\" \/><\/p><p class=' av_form_privacy_check av_contact_privacy_check first_form  form_element form_fullwidth' id='element_avia_7_1'><input  name=\"avia_7_1\" class=\"input_checkbox is_empty\" type=\"checkbox\" id=\"avia_7_1\" value=\"true\"\/><label class=\"input_checkbox_label\" for=\"avia_7_1\">Elfogadom az adatkezel\u00e9si nyilatkozatot <abbr class=\"required\" title=\"required\">*<\/abbr><\/label><\/p><p class=\"form_element \"><input type=\"hidden\" value=\"1\" name=\"avia_generated_form1\" \/><input type=\"submit\" value=\"K\u00fcld\u00e9s\" class=\"button\"  data-sending-label=\"K\u00fcld\u00e9s\"\/><\/p><\/fieldset><\/form><div id=\"ajaxresponse_1\" class=\"ajaxresponse ajaxresponse_1 hidden\"><\/div><\/p><\/div>\n<style type=\"text\/css\" data-created_by=\"avia_inline_auto\" id=\"style-css-av-3lusyn-73acdf7a6f00918db8a29168a87fe482\">\n.flex_column.av-3lusyn-73acdf7a6f00918db8a29168a87fe482{\nborder-radius:0px 0px 0px 0px;\npadding:0px 0px 0px 0px;\n}\n<\/style>\n<div  class='flex_column av-3lusyn-73acdf7a6f00918db8a29168a87fe482 av_one_fifth  avia-builder-el-18  el_after_av_three_fifth  el_before_av_hr  flex_column_div av-zero-column-padding  '     ><\/div>\n<style type=\"text\/css\" data-created_by=\"avia_inline_auto\" id=\"style-css-av-33esn3-1f3e5262b0bca4eab993d4e578357bf9\">\n#top .hr.hr-invisible.av-33esn3-1f3e5262b0bca4eab993d4e578357bf9{\nheight:50px;\n}\n<\/style>\n<div  class='hr av-33esn3-1f3e5262b0bca4eab993d4e578357bf9 hr-invisible  avia-builder-el-19  el_after_av_one_fifth  avia-builder-el-last '><span class='hr-inner '><span class=\"hr-inner-style\"><\/span><\/span><\/div>\n<\/div><\/div><\/div><!-- close content main div --><\/div><\/div><\/div><div id='after_section_3'  class='main_color av_default_container_wrap container_wrap sidebar_right'  ><div class='container av-section-cont-open' ><div class='template-page content  av-content-small alpha units'><div class='post-entry post-entry-type-page post-entry-7679'><div class='entry-content-wrapper clearfix'>\n","protected":false},"excerpt":{"rendered":"","protected":false},"author":2,"featured_media":0,"parent":0,"menu_order":0,"comment_status":"closed","ping_status":"closed","template":"","meta":{"footnotes":""},"class_list":["post-7679","page","type-page","status-publish","hentry"],"aioseo_notices":[],"_links":{"self":[{"href":"https:\/\/www.bau-styl.hu\/furdoszobaszalon\/wp-json\/wp\/v2\/pages\/7679","targetHints":{"allow":["GET"]}}],"collection":[{"href":"https:\/\/www.bau-styl.hu\/furdoszobaszalon\/wp-json\/wp\/v2\/pages"}],"about":[{"href":"https:\/\/www.bau-styl.hu\/furdoszobaszalon\/wp-json\/wp\/v2\/types\/page"}],"author":[{"embeddable":true,"href":"https:\/\/www.bau-styl.hu\/furdoszobaszalon\/wp-json\/wp\/v2\/users\/2"}],"replies":[{"embeddable":true,"href":"https:\/\/www.bau-styl.hu\/furdoszobaszalon\/wp-json\/wp\/v2\/comments?post=7679"}],"version-history":[{"count":0,"href":"https:\/\/www.bau-styl.hu\/furdoszobaszalon\/wp-json\/wp\/v2\/pages\/7679\/revisions"}],"wp:attachment":[{"href":"https:\/\/www.bau-styl.hu\/furdoszobaszalon\/wp-json\/wp\/v2\/media?parent=7679"}],"curies":[{"name":"wp","href":"https:\/\/api.w.org\/{rel}","templated":true}]}}